{"id":1694,"date":"2024-07-04T18:11:32","date_gmt":"2024-07-04T15:11:32","guid":{"rendered":"https:\/\/www.americanlife.com.tr\/gaziantep\/?page_id=1694"},"modified":"2024-07-04T18:11:59","modified_gmt":"2024-07-04T15:11:59","slug":"3-14-yas-almanca-yaz-okulu","status":"publish","type":"page","link":"https:\/\/www.americanlife.com.tr\/gaziantep\/kampanyalar\/3-14-yas-almanca-yaz-okulu","title":{"rendered":"3-14 Ya\u015f Almanca Yaz Okulu"},"content":{"rendered":"<p><div class=\"fusion-fullwidth fullwidth-box fusion-builder-row-1 fusion-flex-container nonhundred-percent-fullwidth non-hundred-percent-height-scrolling\" style=\"--awb-border-radius-top-left:0px;--awb-border-radius-top-right:0px;--awb-border-radius-bottom-right:0px;--awb-border-radius-bottom-left:0px;--awb-padding-top:0px;--awb-padding-bottom:26px;--awb-padding-top-medium:60px;--awb-padding-right-medium:14px;--awb-padding-left-medium:22px;--awb-padding-bottom-small:40px;--awb-margin-top:0px;--awb-margin-bottom:0px;--awb-flex-wrap:wrap;\" ><div class=\"fusion-builder-row fusion-row fusion-flex-align-items-flex-start fusion-flex-content-wrap\" style=\"max-width:1248px;margin-left: calc(-4% \/ 2 );margin-right: calc(-4% \/ 2 );\"><div class=\"fusion-layout-column fusion_builder_column fusion-builder-column-0 fusion_builder_column_1_1 1_1 fusion-flex-column\" style=\"--awb-padding-right:140px;--awb-padding-left:140px;--awb-padding-right-medium:120px;--awb-padding-bottom-medium:60px;--awb-padding-left-medium:120px;--awb-padding-right-small:0px;--awb-padding-left-small:0px;--awb-bg-size:cover;--awb-width-large:100%;--awb-margin-top-large:0px;--awb-spacing-right-large:1.92%;--awb-margin-bottom-large:20px;--awb-spacing-left-large:1.92%;--awb-width-medium:100%;--awb-order-medium:0;--awb-spacing-right-medium:1.92%;--awb-spacing-left-medium:1.92%;--awb-width-small:100%;--awb-order-small:0;--awb-spacing-right-small:1.92%;--awb-spacing-left-small:1.92%;\"><div class=\"fusion-column-wrapper fusion-column-has-shadow fusion-flex-justify-content-flex-start fusion-content-layout-column\"><div class=\"fusion-text fusion-text-1\" style=\"--awb-content-alignment:center;--awb-font-size:26px;--awb-line-height:var(--awb-typography2-line-height);--awb-letter-spacing:var(--awb-typography2-letter-spacing);--awb-text-transform:var(--awb-typography2-text-transform);--awb-text-color:var(--awb-color6);--awb-margin-top:60px;--awb-text-font-family:var(--awb-typography2-font-family);--awb-text-font-weight:var(--awb-typography2-font-weight);--awb-text-font-style:var(--awb-typography2-font-style);\"><p><strong>American <em>LIFE<\/em> Gaziantep 3-14 Ya\u015f Almanca Yaz Okulu<\/strong><\/p>\n<\/div><div class=\"fusion-title title fusion-title-1 fusion-no-small-visibility fusion-sep-none fusion-title-center fusion-title-rotating fusion-animate-once fusion-title-clipIn fusion-title-size-two\" style=\"--awb-text-color:var(--awb-color5);--awb-margin-top:-10px;--awb-margin-top-small:0px;--awb-margin-bottom-small:20px;--awb-font-size:39px;\"><h2 class=\"fusion-title-heading title-heading-center fusion-responsive-typography-calculated\" style=\"margin:0;letter-spacing:-1px;font-size:1em;--fontSize:39;line-height:1.25;\"><span class=\"fusion-animated-text-prefix\"><\/span> <span class=\"fusion-animated-texts-wrapper\" style=\"text-align: center;\" data-length=\"line\" data-minDisplayTime=\"1200\"><span class=\"fusion-animated-texts\"><span data-in-effect=\"clipIn\" class=\"fusion-animated-text\" data-in-sequence=\"true\" data-out-reverse=\"true\" data-out-effect=\"clipOut\">ALMANCA YAZ OKULU BA\u015eLIYOR<\/span><\/span><\/span> <span class=\"fusion-animated-text-postfix\"><\/span><\/h2><\/div><div class=\"fusion-title title fusion-title-2 fusion-no-medium-visibility fusion-no-large-visibility fusion-sep-none fusion-title-center fusion-title-text fusion-title-size-two\" style=\"--awb-text-color:var(--awb-color5);--awb-margin-top:-10px;--awb-margin-top-small:0px;--awb-margin-bottom-small:20px;--awb-font-size:39px;\"><h2 class=\"fusion-title-heading title-heading-center fusion-responsive-typography-calculated\" style=\"font-family:&quot;Poppins&quot;;font-style:normal;font-weight:800;margin:0;letter-spacing:-1px;font-size:1em;--fontSize:39;line-height:1.2;\">ALMANCA <span style=\"color: #ce2442;\"><strong>YAZ OKULU<\/strong><\/span> BA\u015eLIYOR<\/h2><\/div><div class=\"fusion-text fusion-text-2\" style=\"--awb-content-alignment:center;--awb-font-size:18px;--awb-text-color:var(--awb-color5);\"><p><strong>American <em>LIFE<\/em> Gaziantep<\/strong>\u00a03-14 ya\u015f <strong>Almanca Yaz Okulu<\/strong> f\u0131rsat\u0131n\u0131\u00a0ka\u00e7\u0131rmay\u0131n. Daha fazla detayl\u0131 bilgi almak i\u00e7in formu doldurun e\u011fitim dan\u0131\u015fmanlar\u0131m\u0131z sizi aras\u0131n.<\/p>\n<\/div><\/div><\/div><\/div><\/div><div class=\"fusion-fullwidth fullwidth-box fusion-builder-row-2 fusion-flex-container has-pattern-background has-mask-background nonhundred-percent-fullwidth non-hundred-percent-height-scrolling\" style=\"--awb-border-radius-top-left:0px;--awb-border-radius-top-right:0px;--awb-border-radius-bottom-right:0px;--awb-border-radius-bottom-left:0px;--awb-padding-bottom:0px;--awb-margin-bottom:0px;--awb-background-color:var(--awb-color6);--awb-flex-wrap:wrap;\" ><div class=\"fusion-builder-row fusion-row fusion-flex-align-items-flex-start fusion-flex-justify-content-flex-end fusion-flex-content-wrap\" style=\"max-width:1248px;margin-left: calc(-4% \/ 2 );margin-right: calc(-4% \/ 2 );\"><div class=\"fusion-layout-column fusion_builder_column fusion-builder-column-1 fusion_builder_column_1_1 1_1 fusion-flex-column\" style=\"--awb-padding-top:23px;--awb-padding-right:17px;--awb-padding-bottom:10px;--awb-padding-left:16px;--awb-overflow:hidden;--awb-bg-color:var(--awb-color1);--awb-bg-color-hover:var(--awb-color1);--awb-bg-size:cover;--awb-box-shadow:0px 0px 23px 0px hsla(var(--awb-color8-h),var(--awb-color8-s),calc( var(--awb-color8-l) - 1% ),calc( var(--awb-color8-a) - 78% ));;--awb-border-radius:16px 16px 16px 16px;--awb-width-large:100%;--awb-margin-top-large:-40px;--awb-spacing-right-large:1.92%;--awb-margin-bottom-large:40px;--awb-spacing-left-large:1.92%;--awb-width-medium:100%;--awb-order-medium:0;--awb-spacing-right-medium:1.92%;--awb-spacing-left-medium:1.92%;--awb-width-small:100%;--awb-order-small:0;--awb-spacing-right-small:1.92%;--awb-spacing-left-small:1.92%;\" data-scroll-devices=\"small-visibility,medium-visibility,large-visibility\"><div class=\"fusion-column-wrapper fusion-column-has-shadow fusion-flex-justify-content-flex-start fusion-content-layout-column\"><div class=\"fusion-builder-row fusion-builder-row-inner fusion-row fusion-flex-align-items-flex-start fusion-flex-justify-content-flex-end fusion-flex-content-wrap\" style=\"--awb-flex-grow:0;--awb-flex-grow-medium:0;--awb-flex-grow-small:0;--awb-flex-shrink:0;--awb-flex-shrink-medium:0;--awb-flex-shrink-small:0;width:104% !important;max-width:104% !important;margin-left: calc(-4% \/ 2 );margin-right: calc(-4% \/ 2 );\"><div class=\"fusion-layout-column fusion_builder_column_inner fusion-builder-nested-column-0 fusion_builder_column_inner_1_2 1_2 fusion-flex-column fusion-animated\" style=\"--awb-padding-right:25px;--awb-bg-size:cover;--awb-width-large:50%;--awb-margin-top-large:0px;--awb-spacing-right-large:3.84%;--awb-margin-bottom-large:20px;--awb-spacing-left-large:3.84%;--awb-width-medium:100%;--awb-order-medium:0;--awb-spacing-right-medium:1.92%;--awb-spacing-left-medium:1.92%;--awb-width-small:100%;--awb-order-small:0;--awb-spacing-right-small:1.92%;--awb-margin-bottom-small:50px;--awb-spacing-left-small:1.92%;\" data-animationType=\"fadeInLeft\" data-animationDuration=\"0.6\" data-animationOffset=\"top-into-view\" data-scroll-devices=\"small-visibility,medium-visibility,large-visibility\"><div class=\"fusion-column-wrapper fusion-column-has-shadow fusion-flex-justify-content-flex-start fusion-content-layout-column\"><div class=\"fusion-title title fusion-title-3 fusion-sep-none fusion-title-text fusion-title-size-three\" style=\"--awb-text-color:var(--awb-color5);--awb-margin-top:30px;--awb-margin-bottom:20px;--awb-margin-top-small:0px;--awb-margin-bottom-small:20px;--awb-font-size:24px;\"><h3 class=\"fusion-title-heading title-heading-left fusion-responsive-typography-calculated\" style=\"margin:0;font-size:1em;--fontSize:24;line-height:1.3;\">American<span style=\"color: #ca003d;\"><em><strong>LIFE<\/strong><\/em><\/span> Gaziantep<\/h3><\/div><div class=\"fusion-text fusion-text-3\" style=\"--awb-font-size:14px;\"><p><strong>American <em>LIFE<\/em> Gaziantep<\/strong>\u00a03-14 ya\u015f <strong>Almanca Yaz Okulu<\/strong> f\u0131rsat\u0131n\u0131\u00a0ka\u00e7\u0131rmay\u0131n. Daha fazla detayl\u0131 bilgi almak i\u00e7in formu doldurun e\u011fitim dan\u0131\u015fmanlar\u0131m\u0131z sizi aras\u0131n.<\/p>\n<ul>\n<li><strong>S\u0131n\u0131rs\u0131z Almanca E\u011fitimi<\/strong>\u00a0\u0130mkan\u0131<\/li>\n<li><b>American\u00a0<em>LIFE<\/em><\/b>\u00a0Materyal ve Kaynaklar\u0131<\/li>\n<li>\u00dccretsiz <strong>Konu\u015fma Prati\u011fi<\/strong>\u00a0Dersleri<\/li>\n<li><strong>\u00dccretsiz Seviye Tespiti<\/strong><\/li>\n<li><strong>Yabanc\u0131 \u00d6\u011fretmen\u00a0<\/strong>\u0130mkan\u0131<\/li>\n<li><strong>Sosyal Aktiviteler<\/strong><\/li>\n<li><strong>Okul S\u0131navlar\u0131na Destek<\/strong>\u00a0E\u011fitimi<\/li>\n<\/ul>\n<p>\u00c7ocuklar\u0131n\u0131z\u0131n Almanca \u00f6\u011frenme hayalini ertelemeyin! Hemen online bilgi al\u0131n ve Almanca Yaz Okulu e\u011fitimi ba\u015flas\u0131n! Almanca \u00f6\u011frenmek i\u00e7in her \u015fey ve daha fazlas\u0131. Gaziantep&#8217;te Almanca American <b><i>LIFE\u2019 ta<\/i><\/b>\u00a0\u00f6\u011frenilir.<\/p>\n<\/div><div class=\"fusion-text fusion-text-4 fusion-text-no-margin\" style=\"--awb-content-alignment:center;--awb-font-size:24px;--awb-margin-top:20px;--awb-margin-bottom:15px;--awb-text-font-family:&quot;Exo&quot;;--awb-text-font-style:normal;--awb-text-font-weight:700;\"><p>Bilgi Formu<\/p>\n<\/div><div class=\"fusion-text fusion-text-5\"><div id=\"quform-b91018\" class=\"quform quform-8 quform-theme-react quform-support-page-caching\"><form id=\"quform-form-b91018\" class=\"quform-form quform-form-8\" action=\"\/gaziantep\/wp-json\/wp\/v2\/pages\/1694#quform-b91018\" method=\"post\" enctype=\"multipart\/form-data\" novalidate=\"novalidate\" data-options=\"{&quot;id&quot;:8,&quot;uniqueId&quot;:&quot;b91018&quot;,&quot;theme&quot;:&quot;react&quot;,&quot;ajax&quot;:true,&quot;logic&quot;:{&quot;logic&quot;:[],&quot;dependents&quot;:[],&quot;elementIds&quot;:[],&quot;dependentElementIds&quot;:[],&quot;animate&quot;:true},&quot;currentPageId&quot;:1,&quot;errorsIcon&quot;:&quot;&quot;,&quot;updateFancybox&quot;:true,&quot;hasPages&quot;:false,&quot;pages&quot;:[1],&quot;pageProgressType&quot;:&quot;numbers&quot;,&quot;tooltipsEnabled&quot;:true,&quot;tooltipClasses&quot;:&quot;qtip-quform-dark qtip-shadow&quot;,&quot;tooltipMy&quot;:&quot;left center&quot;,&quot;tooltipAt&quot;:&quot;right center&quot;,&quot;isRtl&quot;:false,&quot;scrollOffset&quot;:-50,&quot;scrollSpeed&quot;:800}\"><button class=\"quform-default-submit\" name=\"quform_submit\" type=\"submit\" value=\"submit\" aria-hidden=\"true\" tabindex=\"-1\"><\/button><div class=\"quform-form-inner quform-form-inner-8\"><input type=\"hidden\" name=\"quform_form_id\" value=\"8\" \/><input type=\"hidden\" name=\"quform_form_uid\" value=\"b91018\" \/><input type=\"hidden\" name=\"quform_count\" value=\"1\" \/><input type=\"hidden\" name=\"form_url\" value=\"https:\/\/www.americanlife.com.tr\/gaziantep\/wp-json\/wp\/v2\/pages\/1694\" \/><input type=\"hidden\" name=\"referring_url\" value=\"\" \/><input type=\"hidden\" name=\"post_id\" value=\"\" \/><input type=\"hidden\" name=\"post_title\" value=\"\" \/><input type=\"hidden\" name=\"quform_current_page_id\" value=\"1\" \/><input type=\"hidden\" name=\"quform_loaded\" value=\"1776088650|0f83cb6fb3e6d03ef1ad77f1c354878b\" \/><input type=\"hidden\" name=\"quform_csrf_token\" value=\"x9heGYKy3V7FFH26FMPgLWntO7scRcEAXZzV3RcP\" \/><div class=\"quform-elements quform-elements-8 quform-cf quform-responsive-elements-phone-landscape\"><div class=\"quform-element quform-element-page quform-page-1 quform-page-8_1 quform-cf quform-group-style-plain quform-first-page quform-last-page quform-current-page\"><div class=\"quform-child-elements\"><div class=\"quform-element quform-element-row quform-element-row-8_3 quform-2-columns quform-element-row-size-fixed quform-responsive-columns-phone-landscape\"><div class=\"quform-element quform-element-column quform-element-8_4\"><div class=\"quform-element quform-element-text quform-element-8_6 quform-cf quform-element-required\"><div class=\"quform-spacer\"><div class=\"quform-inner quform-inner-text quform-inner-8_6\"><div class=\"quform-input quform-input-text quform-input-8_6 quform-cf\"><input type=\"text\" id=\"quform_8_6_b91018\" name=\"quform_8_6\" class=\"quform-field quform-field-text quform-field-8_6\" placeholder=\"Ad\u0131n\u0131z\" \/><\/div><\/div><\/div><\/div><\/div><div class=\"quform-element quform-element-column quform-element-8_5\"><div class=\"quform-element quform-element-text quform-element-8_7 quform-cf quform-element-required\"><div class=\"quform-spacer\"><div class=\"quform-inner quform-inner-text quform-inner-8_7\"><div class=\"quform-input quform-input-text quform-input-8_7 quform-cf\"><input type=\"text\" id=\"quform_8_7_b91018\" name=\"quform_8_7\" class=\"quform-field quform-field-text quform-field-8_7\" placeholder=\"Soyad\u0131n\u0131z\" \/><\/div><\/div><\/div><\/div><\/div><\/div><div class=\"quform-element quform-element-row quform-element-row-8_8 quform-2-columns quform-element-row-size-fixed quform-responsive-columns-phone-landscape\"><div class=\"quform-element quform-element-column quform-element-8_9\"><div class=\"quform-element quform-element-text quform-element-8_10 quform-cf quform-element-required\"><div class=\"quform-spacer\"><div class=\"quform-inner quform-inner-text quform-inner-8_10\"><div class=\"quform-input quform-input-text quform-input-8_10 quform-cf\"><input type=\"text\" id=\"quform_8_10_b91018\" name=\"quform_8_10\" class=\"quform-field quform-field-text quform-field-8_10\" placeholder=\"Telefon\" \/><\/div><\/div><\/div><\/div><\/div><div class=\"quform-element quform-element-column quform-element-8_11\"><div class=\"quform-element quform-element-email quform-element-8_13 quform-cf quform-element-required\"><div class=\"quform-spacer\"><div class=\"quform-inner quform-inner-email quform-inner-8_13\"><div class=\"quform-input quform-input-email quform-input-8_13 quform-cf\"><input type=\"email\" id=\"quform_8_13_b91018\" name=\"quform_8_13\" class=\"quform-field quform-field-email quform-field-8_13\" placeholder=\"E-posta\" \/><\/div><\/div><\/div><\/div><\/div><\/div><div class=\"quform-element quform-element-textarea quform-element-8_592901 quform-sr-only quform-cf\" style=\"clip: rect(1px, 1px, 1px, 1px); clip-path: inset(50%); position: absolute !important; height: 1px; width: 1px; overflow: hidden;\"><div class=\"quform-spacer\"><div class=\"quform-label quform-label-8_592901\"><label class=\"quform-label-text\" for=\"quform_8_592901_b91018\">Email Address<span class=\"quform-required\">*<\/span><\/label><\/div><div class=\"quform-inner quform-inner-8_592901\"><textarea id=\"quform_8_592901_b91018\" name=\"quform_8_592901\" class=\"quform-field quform-field-textarea quform-field-8_592901\" tabindex=\"-1\" autocomplete=\"new-password\"><\/textarea><\/div><\/div><\/div><div class=\"quform-element quform-element-submit quform-element-8_2 quform-cf quform-button-style-bootstrap-primary quform-button-size-medium quform-button-width-large\"><div class=\"quform-button-submit quform-button-submit-default quform-button-submit-8_2\"><button name=\"quform_submit\" type=\"submit\" class=\"quform-submit\" value=\"submit\"><span class=\"quform-button-text quform-button-submit-text\">G\u00f6nder<\/span><\/button><\/div><div class=\"quform-loading quform-loading-position-left quform-loading-type-spinner-1\"><div class=\"quform-loading-inner\"><div class=\"quform-loading-spinner\"><div class=\"quform-loading-spinner-inner\"><\/div><\/div><\/div><\/div><\/div><\/div><\/div><\/div><\/div><\/form><\/div>\n<\/div><\/div><\/div><div class=\"fusion-layout-column fusion_builder_column_inner fusion-builder-nested-column-1 fusion_builder_column_inner_1_2 1_2 fusion-flex-column fusion-animated\" style=\"--awb-bg-size:cover;--awb-width-large:50%;--awb-margin-top-large:0px;--awb-spacing-right-large:3.84%;--awb-margin-bottom-large:20px;--awb-spacing-left-large:3.84%;--awb-width-medium:100%;--awb-order-medium:0;--awb-spacing-right-medium:1.92%;--awb-spacing-left-medium:1.92%;--awb-width-small:100%;--awb-order-small:0;--awb-spacing-right-small:1.92%;--awb-spacing-left-small:1.92%;\" data-animationType=\"fadeInRight\" data-animationDuration=\"0.6\" data-animationOffset=\"top-into-view\" data-scroll-devices=\"small-visibility,medium-visibility,large-visibility\"><div class=\"fusion-column-wrapper fusion-column-has-shadow fusion-flex-justify-content-flex-start fusion-content-layout-column\"><div class=\"fusion-image-element \" style=\"text-align:center;--awb-caption-title-font-family:var(--h2_typography-font-family);--awb-caption-title-font-weight:var(--h2_typography-font-weight);--awb-caption-title-font-style:var(--h2_typography-font-style);--awb-caption-title-size:var(--h2_typography-font-size);--awb-caption-title-transform:var(--h2_typography-text-transform);--awb-caption-title-line-height:var(--h2_typography-line-height);--awb-caption-title-letter-spacing:var(--h2_typography-letter-spacing);\"><span class=\" fusion-imageframe imageframe-dropshadow imageframe-1 hover-type-none\" style=\"-webkit-box-shadow: 3px 3px 7px rgba(40,68,120,0.3);box-shadow: 3px 3px 7px rgba(40,68,120,0.3);\"><img decoding=\"async\" width=\"1080\" height=\"1080\" alt=\"American LIFE Gaziantep 3-14 Ya\u015f Almanca Yaz Okulu\" title=\"3-14 Ya\u015f Almanca Yaz Okulu\" src=\"https:\/\/www.americanlife.com.tr\/gaziantep\/wp-content\/uploads\/sites\/79\/2024\/07\/gaziantep-almanca-yaz-okulu.jpg\" data-orig-src=\"https:\/\/www.americanlife.com.tr\/gaziantep\/wp-content\/uploads\/sites\/79\/2024\/07\/gaziantep-almanca-yaz-okulu.jpg\" class=\"lazyload img-responsive wp-image-1695\" srcset=\"data:image\/svg+xml,%3Csvg%20xmlns%3D%27http%3A%2F%2Fwww.w3.org%2F2000%2Fsvg%27%20width%3D%271080%27%20height%3D%271080%27%20viewBox%3D%270%200%201080%201080%27%3E%3Crect%20width%3D%271080%27%20height%3D%271080%27%20fill-opacity%3D%220%22%2F%3E%3C%2Fsvg%3E\" data-srcset=\"https:\/\/www.americanlife.com.tr\/gaziantep\/wp-content\/uploads\/sites\/79\/2024\/07\/gaziantep-almanca-yaz-okulu-200x200.jpg 200w, https:\/\/www.americanlife.com.tr\/gaziantep\/wp-content\/uploads\/sites\/79\/2024\/07\/gaziantep-almanca-yaz-okulu-400x400.jpg 400w, https:\/\/www.americanlife.com.tr\/gaziantep\/wp-content\/uploads\/sites\/79\/2024\/07\/gaziantep-almanca-yaz-okulu-600x600.jpg 600w, https:\/\/www.americanlife.com.tr\/gaziantep\/wp-content\/uploads\/sites\/79\/2024\/07\/gaziantep-almanca-yaz-okulu-800x800.jpg 800w, https:\/\/www.americanlife.com.tr\/gaziantep\/wp-content\/uploads\/sites\/79\/2024\/07\/gaziantep-almanca-yaz-okulu.jpg 1080w\" data-sizes=\"auto\" data-orig-sizes=\"(max-width: 1200px) 100vw, (max-width: 640px) 100vw, 600px\" \/><\/span><\/div><\/div><\/div><\/div><\/div><\/div><\/div><\/div><\/p>\n","protected":false},"excerpt":{"rendered":"","protected":false},"author":1,"featured_media":1696,"parent":1684,"menu_order":0,"comment_status":"closed","ping_status":"closed","template":"100-width.php","meta":{"_joinchat":[],"footnotes":""},"class_list":["post-1694","page","type-page","status-publish","has-post-thumbnail","hentry"],"_links":{"self":[{"href":"https:\/\/www.americanlife.com.tr\/gaziantep\/wp-json\/wp\/v2\/pages\/1694","targetHints":{"allow":["GET"]}}],"collection":[{"href":"https:\/\/www.americanlife.com.tr\/gaziantep\/wp-json\/wp\/v2\/pages"}],"about":[{"href":"https:\/\/www.americanlife.com.tr\/gaziantep\/wp-json\/wp\/v2\/types\/page"}],"author":[{"embeddable":true,"href":"https:\/\/www.americanlife.com.tr\/gaziantep\/wp-json\/wp\/v2\/users\/1"}],"replies":[{"embeddable":true,"href":"https:\/\/www.americanlife.com.tr\/gaziantep\/wp-json\/wp\/v2\/comments?post=1694"}],"version-history":[{"count":0,"href":"https:\/\/www.americanlife.com.tr\/gaziantep\/wp-json\/wp\/v2\/pages\/1694\/revisions"}],"up":[{"embeddable":true,"href":"https:\/\/www.americanlife.com.tr\/gaziantep\/wp-json\/wp\/v2\/pages\/1684"}],"wp:featuredmedia":[{"embeddable":true,"href":"https:\/\/www.americanlife.com.tr\/gaziantep\/wp-json\/wp\/v2\/media\/1696"}],"wp:attachment":[{"href":"https:\/\/www.americanlife.com.tr\/gaziantep\/wp-json\/wp\/v2\/media?parent=1694"}],"curies":[{"name":"wp","href":"https:\/\/api.w.org\/{rel}","templated":true}]}}