{"id":218,"date":"2024-03-20T13:28:09","date_gmt":"2024-03-20T10:28:09","guid":{"rendered":"https:\/\/www.americanlife.com.tr\/tokat\/?page_id=218"},"modified":"2024-03-20T13:28:36","modified_gmt":"2024-03-20T10:28:36","slug":"kampanya","status":"publish","type":"page","link":"https:\/\/www.americanlife.com.tr\/tokat\/kampanya\/","title":{"rendered":"KAMPANYA"},"content":{"rendered":"<p><div class=\"fusion-fullwidth fullwidth-box fusion-builder-row-1 fusion-flex-container has-pattern-background has-mask-background nonhundred-percent-fullwidth non-hundred-percent-height-scrolling\" style=\"--awb-border-radius-top-left:0px;--awb-border-radius-top-right:0px;--awb-border-radius-bottom-right:0px;--awb-border-radius-bottom-left:0px;--awb-flex-wrap:wrap;\" ><div class=\"fusion-builder-row fusion-row fusion-flex-align-items-flex-start fusion-flex-content-wrap\" style=\"max-width:1248px;margin-left: calc(-4% \/ 2 );margin-right: calc(-4% \/ 2 );\"><div class=\"fusion-layout-column fusion_builder_column fusion-builder-column-0 fusion_builder_column_1_1 1_1 fusion-flex-column\" style=\"--awb-bg-size:cover;--awb-width-large:100%;--awb-margin-top-large:0px;--awb-spacing-right-large:1.92%;--awb-margin-bottom-large:0px;--awb-spacing-left-large:1.92%;--awb-width-medium:100%;--awb-order-medium:0;--awb-spacing-right-medium:1.92%;--awb-spacing-left-medium:1.92%;--awb-width-small:100%;--awb-order-small:0;--awb-spacing-right-small:1.92%;--awb-spacing-left-small:1.92%;\" data-scroll-devices=\"small-visibility,medium-visibility,large-visibility\"><div class=\"fusion-column-wrapper fusion-column-has-shadow fusion-flex-justify-content-flex-start fusion-content-layout-column\"><div class=\"fusion-title title fusion-title-1 fusion-sep-none fusion-title-center fusion-title-text fusion-title-size-one\" style=\"--awb-margin-top:60px;--awb-margin-bottom:20px;--awb-margin-top-small:0px;--awb-margin-bottom-small:20px;--awb-font-size:32px;\"><h1 class=\"fusion-title-heading title-heading-center fusion-responsive-typography-calculated\" style=\"margin:0;font-size:1em;--fontSize:32;line-height:1.16;\">American<span style=\"color: #ca003d;\"><em><strong>LIFE<\/strong><\/em><\/span> Tokat<br \/>\n\u0130ngilizce Almanca Yabanc\u0131 Dil Kursu Kampanyalar\u0131<\/h1><\/div><\/div><\/div><\/div><\/div><div class=\"fusion-fullwidth fullwidth-box fusion-builder-row-2 fusion-flex-container has-pattern-background has-mask-background nonhundred-percent-fullwidth non-hundred-percent-height-scrolling\" style=\"--awb-border-radius-top-left:0px;--awb-border-radius-top-right:0px;--awb-border-radius-bottom-right:0px;--awb-border-radius-bottom-left:0px;--awb-flex-wrap:wrap;\" ><div class=\"fusion-builder-row fusion-row fusion-flex-align-items-flex-start fusion-flex-content-wrap\" style=\"max-width:1248px;margin-left: calc(-4% \/ 2 );margin-right: calc(-4% \/ 2 );\"><div class=\"fusion-layout-column fusion_builder_column fusion-builder-column-1 fusion_builder_column_1_3 1_3 fusion-flex-column\" style=\"--awb-bg-size:cover;--awb-border-color:var(--awb-custom11);--awb-border-style:dashed;--awb-width-large:33.333333333333%;--awb-margin-top-large:0px;--awb-spacing-right-large:5.76%;--awb-margin-bottom-large:20px;--awb-spacing-left-large:5.76%;--awb-width-medium:100%;--awb-order-medium:0;--awb-spacing-right-medium:1.92%;--awb-spacing-left-medium:1.92%;--awb-width-small:100%;--awb-order-small:0;--awb-spacing-right-small:1.92%;--awb-spacing-left-small:1.92%;\" data-scroll-devices=\"small-visibility,medium-visibility,large-visibility\"><div class=\"fusion-column-wrapper fusion-column-has-shadow fusion-flex-justify-content-flex-start fusion-content-layout-column\"><div class=\"fusion-image-element \" style=\"text-align:center;--awb-margin-top:40px;--awb-margin-bottom:20px;--awb-caption-title-font-family:var(--h2_typography-font-family);--awb-caption-title-font-weight:var(--h2_typography-font-weight);--awb-caption-title-font-style:var(--h2_typography-font-style);--awb-caption-title-size:var(--h2_typography-font-size);--awb-caption-title-transform:var(--h2_typography-text-transform);--awb-caption-title-line-height:var(--h2_typography-line-height);--awb-caption-title-letter-spacing:var(--h2_typography-letter-spacing);\"><span class=\" fusion-imageframe imageframe-dropshadow imageframe-1 hover-type-none\" style=\"-webkit-box-shadow: 3px 3px 7px rgba(40,68,120,0.3);box-shadow: 3px 3px 7px rgba(40,68,120,0.3);\"><a class=\"fusion-no-lightbox\" href=\"https:\/\/www.americanlife.com.tr\/tokat\/ingilizce-kursu-kampanyasi\/\" target=\"_self\" aria-label=\"Tokat yeti\u015fkinlere \u00f6zel ingilizce kursu\"><img decoding=\"async\" width=\"600\" height=\"315\" alt=\"Tokat yeti\u015fkinlere \u00f6zel ingilizce kursu\" src=\"https:\/\/www.americanlife.com.tr\/tokat\/wp-content\/uploads\/sites\/58\/2024\/03\/tokat-yetiskinlere-ozel-ingilizce-kursu1.jpg\" data-orig-src=\"http:\/\/www.americanlife.com.tr\/tokat\/wp-content\/uploads\/sites\/58\/2024\/03\/tokat-yetiskinlere-ozel-ingilizce-kursu1-600x315.jpg\" class=\"lazyload img-responsive wp-image-203\" srcset=\"data:image\/svg+xml,%3Csvg%20xmlns%3D%27http%3A%2F%2Fwww.w3.org%2F2000%2Fsvg%27%20width%3D%271200%27%20height%3D%27630%27%20viewBox%3D%270%200%201200%20630%27%3E%3Crect%20width%3D%271200%27%20height%3D%27630%27%20fill-opacity%3D%220%22%2F%3E%3C%2Fsvg%3E\" data-srcset=\"https:\/\/www.americanlife.com.tr\/tokat\/wp-content\/uploads\/sites\/58\/2024\/03\/tokat-yetiskinlere-ozel-ingilizce-kursu1-200x105.jpg 200w, https:\/\/www.americanlife.com.tr\/tokat\/wp-content\/uploads\/sites\/58\/2024\/03\/tokat-yetiskinlere-ozel-ingilizce-kursu1-400x210.jpg 400w, https:\/\/www.americanlife.com.tr\/tokat\/wp-content\/uploads\/sites\/58\/2024\/03\/tokat-yetiskinlere-ozel-ingilizce-kursu1-600x315.jpg 600w, https:\/\/www.americanlife.com.tr\/tokat\/wp-content\/uploads\/sites\/58\/2024\/03\/tokat-yetiskinlere-ozel-ingilizce-kursu1-800x420.jpg 800w, https:\/\/www.americanlife.com.tr\/tokat\/wp-content\/uploads\/sites\/58\/2024\/03\/tokat-yetiskinlere-ozel-ingilizce-kursu1.jpg 1200w\" data-sizes=\"auto\" data-orig-sizes=\"(max-width: 1200px) 100vw, (max-width: 640px) 100vw, 400px\" \/><\/a><\/span><\/div><div class=\"fusion-text fusion-text-1\" style=\"--awb-content-alignment:center;\"><p>Yeti\u015fkinler i\u00e7in haz\u0131rlad\u0131\u011f\u0131m\u0131z \u0130ngilizce kursu kampanyam\u0131z hakk\u0131nda daha fazla detayl\u0131 bilgi al\u0131n.<\/p>\n<\/div><div style=\"text-align:center;\"><a class=\"fusion-button button-flat fusion-button-default-size button-default fusion-button-default button-1 fusion-button-default-span fusion-button-default-type\" style=\"--awb-margin-top:20px;--awb-margin-bottom:40px;\" target=\"_self\" title=\"B\u0130LG\u0130 ALIN\" aria-label=\"B\u0130LG\u0130 ALIN\" href=\"https:\/\/www.americanlife.com.tr\/tokat\/ingilizce-kursu-kampanyasi\/\"><span class=\"fusion-button-text awb-button__text awb-button__text--default\">B\u0130LG\u0130 ALIN<\/span><\/a><\/div><\/div><\/div><div class=\"fusion-layout-column fusion_builder_column fusion-builder-column-2 fusion_builder_column_1_3 1_3 fusion-flex-column\" style=\"--awb-bg-size:cover;--awb-width-large:33.333333333333%;--awb-margin-top-large:0px;--awb-spacing-right-large:5.76%;--awb-margin-bottom-large:20px;--awb-spacing-left-large:5.76%;--awb-width-medium:100%;--awb-order-medium:0;--awb-spacing-right-medium:1.92%;--awb-spacing-left-medium:1.92%;--awb-width-small:100%;--awb-order-small:0;--awb-spacing-right-small:1.92%;--awb-spacing-left-small:1.92%;\"><div class=\"fusion-column-wrapper fusion-column-has-shadow fusion-flex-justify-content-flex-start fusion-content-layout-column\"><div class=\"fusion-image-element \" style=\"text-align:center;--awb-margin-top:40px;--awb-margin-bottom:20px;--awb-caption-title-font-family:var(--h2_typography-font-family);--awb-caption-title-font-weight:var(--h2_typography-font-weight);--awb-caption-title-font-style:var(--h2_typography-font-style);--awb-caption-title-size:var(--h2_typography-font-size);--awb-caption-title-transform:var(--h2_typography-text-transform);--awb-caption-title-line-height:var(--h2_typography-line-height);--awb-caption-title-letter-spacing:var(--h2_typography-letter-spacing);\"><span class=\" fusion-imageframe imageframe-dropshadow imageframe-2 hover-type-none\" style=\"-webkit-box-shadow: 3px 3px 7px rgba(40,68,120,0.3);box-shadow: 3px 3px 7px rgba(40,68,120,0.3);\"><a class=\"fusion-no-lightbox\" href=\"https:\/\/www.americanlife.com.tr\/tokat\/almanca-kursu-kampanyasi\/\" target=\"_self\" aria-label=\"Tokat Almanca Kursu\"><img decoding=\"async\" width=\"1200\" height=\"630\" alt=\"Tokat Almanca Kursu Kampanyas\u0131\" src=\"https:\/\/www.americanlife.com.tr\/tokat\/wp-content\/uploads\/sites\/58\/2024\/03\/tokat-almnca-kursu1-1.jpg\" data-orig-src=\"http:\/\/www.americanlife.com.tr\/tokat\/wp-content\/uploads\/sites\/58\/2024\/03\/tokat-almnca-kursu1-1.jpg\" class=\"lazyload img-responsive wp-image-219\" srcset=\"data:image\/svg+xml,%3Csvg%20xmlns%3D%27http%3A%2F%2Fwww.w3.org%2F2000%2Fsvg%27%20width%3D%271200%27%20height%3D%27630%27%20viewBox%3D%270%200%201200%20630%27%3E%3Crect%20width%3D%271200%27%20height%3D%27630%27%20fill-opacity%3D%220%22%2F%3E%3C%2Fsvg%3E\" data-srcset=\"https:\/\/www.americanlife.com.tr\/tokat\/wp-content\/uploads\/sites\/58\/2024\/03\/tokat-almnca-kursu1-1-200x105.jpg 200w, https:\/\/www.americanlife.com.tr\/tokat\/wp-content\/uploads\/sites\/58\/2024\/03\/tokat-almnca-kursu1-1-400x210.jpg 400w, https:\/\/www.americanlife.com.tr\/tokat\/wp-content\/uploads\/sites\/58\/2024\/03\/tokat-almnca-kursu1-1-600x315.jpg 600w, https:\/\/www.americanlife.com.tr\/tokat\/wp-content\/uploads\/sites\/58\/2024\/03\/tokat-almnca-kursu1-1-800x420.jpg 800w, https:\/\/www.americanlife.com.tr\/tokat\/wp-content\/uploads\/sites\/58\/2024\/03\/tokat-almnca-kursu1-1.jpg 1200w\" data-sizes=\"auto\" data-orig-sizes=\"(max-width: 1200px) 100vw, (max-width: 640px) 100vw, 400px\" \/><\/a><\/span><\/div><div class=\"fusion-text fusion-text-2\" style=\"--awb-content-alignment:center;\"><p>Genel Almanca ve Almanca Aile Birle\u015fimi kursu kampanyam\u0131z hakk\u0131nda daha fazla detayl\u0131 bilgi al\u0131n.<\/p>\n<\/div><div style=\"text-align:center;\"><a class=\"fusion-button button-flat fusion-button-default-size button-default fusion-button-default button-2 fusion-button-default-span fusion-button-default-type\" style=\"--awb-margin-top:20px;--awb-margin-bottom:40px;\" target=\"_self\" title=\"B\u0130LG\u0130 ALIN\" aria-label=\"B\u0130LG\u0130 ALIN\" href=\"https:\/\/www.americanlife.com.tr\/tokat\/almanca-kursu-kampanyasi\/\"><span class=\"fusion-button-text awb-button__text awb-button__text--default\">B\u0130LG\u0130 ALIN<\/span><\/a><\/div><\/div><\/div><div class=\"fusion-layout-column fusion_builder_column fusion-builder-column-3 fusion_builder_column_1_3 1_3 fusion-flex-column\" style=\"--awb-bg-size:cover;--awb-width-large:33.333333333333%;--awb-margin-top-large:0px;--awb-spacing-right-large:5.76%;--awb-margin-bottom-large:20px;--awb-spacing-left-large:5.76%;--awb-width-medium:100%;--awb-order-medium:0;--awb-spacing-right-medium:1.92%;--awb-spacing-left-medium:1.92%;--awb-width-small:100%;--awb-order-small:0;--awb-spacing-right-small:1.92%;--awb-spacing-left-small:1.92%;\"><div class=\"fusion-column-wrapper fusion-column-has-shadow fusion-flex-justify-content-flex-start fusion-content-layout-column\"><div class=\"fusion-image-element \" style=\"text-align:center;--awb-margin-top:40px;--awb-margin-bottom:20px;--awb-caption-title-font-family:var(--h2_typography-font-family);--awb-caption-title-font-weight:var(--h2_typography-font-weight);--awb-caption-title-font-style:var(--h2_typography-font-style);--awb-caption-title-size:var(--h2_typography-font-size);--awb-caption-title-transform:var(--h2_typography-text-transform);--awb-caption-title-line-height:var(--h2_typography-line-height);--awb-caption-title-letter-spacing:var(--h2_typography-letter-spacing);\"><span class=\" fusion-imageframe imageframe-dropshadow imageframe-3 hover-type-none\" style=\"-webkit-box-shadow: 3px 3px 7px rgba(40,68,120,0.3);box-shadow: 3px 3px 7px rgba(40,68,120,0.3);\"><a class=\"fusion-no-lightbox\" href=\"https:\/\/www.americanlife.com.tr\/tokat\/cocuklara-ozel-ingilize-kursu-kampanyasi\/\" target=\"_self\" aria-label=\"\u00c7ocuklara \u00d6zel \u0130ngilize Kursu Erken Kay\u0131t Kampanyas\u0131\"><img decoding=\"async\" width=\"1200\" height=\"630\" alt=\"\u00c7ocuklara \u00d6zel \u0130ngilize Kursu Erken Kay\u0131t Kampanyas\u0131\" src=\"https:\/\/www.americanlife.com.tr\/tokat\/wp-content\/uploads\/sites\/58\/2024\/03\/tokat-cocuklara-ozel-ingilizce-kursu1.jpg\" data-orig-src=\"http:\/\/www.americanlife.com.tr\/tokat\/wp-content\/uploads\/sites\/58\/2024\/03\/tokat-cocuklara-ozel-ingilizce-kursu1.jpg\" class=\"lazyload img-responsive wp-image-208\" srcset=\"data:image\/svg+xml,%3Csvg%20xmlns%3D%27http%3A%2F%2Fwww.w3.org%2F2000%2Fsvg%27%20width%3D%271200%27%20height%3D%27630%27%20viewBox%3D%270%200%201200%20630%27%3E%3Crect%20width%3D%271200%27%20height%3D%27630%27%20fill-opacity%3D%220%22%2F%3E%3C%2Fsvg%3E\" data-srcset=\"https:\/\/www.americanlife.com.tr\/tokat\/wp-content\/uploads\/sites\/58\/2024\/03\/tokat-cocuklara-ozel-ingilizce-kursu1-200x105.jpg 200w, https:\/\/www.americanlife.com.tr\/tokat\/wp-content\/uploads\/sites\/58\/2024\/03\/tokat-cocuklara-ozel-ingilizce-kursu1-400x210.jpg 400w, https:\/\/www.americanlife.com.tr\/tokat\/wp-content\/uploads\/sites\/58\/2024\/03\/tokat-cocuklara-ozel-ingilizce-kursu1-600x315.jpg 600w, https:\/\/www.americanlife.com.tr\/tokat\/wp-content\/uploads\/sites\/58\/2024\/03\/tokat-cocuklara-ozel-ingilizce-kursu1-800x420.jpg 800w, https:\/\/www.americanlife.com.tr\/tokat\/wp-content\/uploads\/sites\/58\/2024\/03\/tokat-cocuklara-ozel-ingilizce-kursu1.jpg 1200w\" data-sizes=\"auto\" data-orig-sizes=\"(max-width: 1200px) 100vw, (max-width: 640px) 100vw, 400px\" \/><\/a><\/span><\/div><div class=\"fusion-text fusion-text-3\" style=\"--awb-content-alignment:center;\"><p>\u00c7ocukara \u00f6zel haz\u0131rlad\u0131\u011f\u0131m\u0131z \u0130ngilizce kursu kampanyam\u0131z hakk\u0131nda daha fazla detayl\u0131 bilgi al\u0131n.<\/p>\n<\/div><div style=\"text-align:center;\"><a class=\"fusion-button button-flat fusion-button-default-size button-default fusion-button-default button-3 fusion-button-default-span fusion-button-default-type\" style=\"--awb-margin-top:20px;--awb-margin-bottom:40px;\" target=\"_self\" title=\"B\u0130LG\u0130 ALIN\" aria-label=\"B\u0130LG\u0130 ALIN\" href=\"https:\/\/www.americanlife.com.tr\/tokat\/cocuklara-ozel-ingilize-kursu-kampanyasi\/\"><span class=\"fusion-button-text awb-button__text awb-button__text--default\">B\u0130LG\u0130 ALIN<\/span><\/a><\/div><\/div><\/div><\/div><\/div><\/p>\n","protected":false},"excerpt":{"rendered":"","protected":false},"author":1,"featured_media":0,"parent":0,"menu_order":0,"comment_status":"closed","ping_status":"closed","template":"","meta":{"_joinchat":[],"footnotes":""},"class_list":["post-218","page","type-page","status-publish","hentry"],"_links":{"self":[{"href":"https:\/\/www.americanlife.com.tr\/tokat\/wp-json\/wp\/v2\/pages\/218","targetHints":{"allow":["GET"]}}],"collection":[{"href":"https:\/\/www.americanlife.com.tr\/tokat\/wp-json\/wp\/v2\/pages"}],"about":[{"href":"https:\/\/www.americanlife.com.tr\/tokat\/wp-json\/wp\/v2\/types\/page"}],"author":[{"embeddable":true,"href":"https:\/\/www.americanlife.com.tr\/tokat\/wp-json\/wp\/v2\/users\/1"}],"replies":[{"embeddable":true,"href":"https:\/\/www.americanlife.com.tr\/tokat\/wp-json\/wp\/v2\/comments?post=218"}],"version-history":[{"count":10,"href":"https:\/\/www.americanlife.com.tr\/tokat\/wp-json\/wp\/v2\/pages\/218\/revisions"}],"predecessor-version":[{"id":229,"href":"https:\/\/www.americanlife.com.tr\/tokat\/wp-json\/wp\/v2\/pages\/218\/revisions\/229"}],"wp:attachment":[{"href":"https:\/\/www.americanlife.com.tr\/tokat\/wp-json\/wp\/v2\/media?parent=218"}],"curies":[{"name":"wp","href":"https:\/\/api.w.org\/{rel}","templated":true}]}}