{"id":1646,"date":"2024-03-25T09:00:45","date_gmt":"2024-03-25T06:00:45","guid":{"rendered":"https:\/\/www.americanlife.com.tr\/umutkoy\/?page_id=1646"},"modified":"2024-05-31T12:35:39","modified_gmt":"2024-05-31T09:35:39","slug":"blog","status":"publish","type":"page","link":"https:\/\/www.americanlife.com.tr\/umitkoy\/blog","title":{"rendered":"Blog"},"content":{"rendered":"<div class=\"fusion-fullwidth fullwidth-box fusion-builder-row-1 fusion-flex-container has-pattern-background has-mask-background nonhundred-percent-fullwidth non-hundred-percent-height-scrolling\" style=\"--awb-border-radius-top-left:0px;--awb-border-radius-top-right:0px;--awb-border-radius-bottom-right:0px;--awb-border-radius-bottom-left:0px;--awb-flex-wrap:wrap;\" ><div class=\"fusion-builder-row fusion-row fusion-flex-align-items-center fusion-flex-justify-content-center fusion-flex-content-wrap\" style=\"max-width:1248px;margin-left: calc(-4% \/ 2 );margin-right: calc(-4% \/ 2 );\"><div class=\"fusion-layout-column fusion_builder_column fusion-builder-column-0 fusion_builder_column_1_1 1_1 fusion-flex-column\" style=\"--awb-bg-size:cover;--awb-width-large:100%;--awb-margin-top-large:0px;--awb-spacing-right-large:1.92%;--awb-margin-bottom-large:20px;--awb-spacing-left-large:1.92%;--awb-width-medium:100%;--awb-order-medium:0;--awb-spacing-right-medium:1.92%;--awb-spacing-left-medium:1.92%;--awb-width-small:100%;--awb-order-small:0;--awb-spacing-right-small:1.92%;--awb-spacing-left-small:1.92%;\"><div class=\"fusion-column-wrapper fusion-column-has-shadow fusion-flex-justify-content-flex-start fusion-content-layout-column\"><div class=\"fusion-recent-posts fusion-recent-posts-1 avada-container layout-default layout-columns-3 fusion-recent-posts-infinite\" style=\"--h4_typography-font-family:&quot;Exo&quot;;--h4_typography-font-weight:700;--h4_typography-font-style:normal;--h4_typography-font-size:24px;\" data-pages=\"2\"><section class=\"fusion-columns columns fusion-columns-3 columns-3\"><article class=\"post fusion-column column col col-lg-4 col-md-4 col-sm-4\"><div class=\"fusion-flexslider fusion-flexslider-loading flexslider flexslider-hover-type-liftup\"><ul class=\"slides\"><li><a href=\"https:\/\/www.americanlife.com.tr\/umitkoy\/umitkoyde-3-13-yas-cocuklar-icin-ingilizce-egitimi-american-life-teenglish-ile-eglenerek-ogrenme-zamani.html\" aria-label=\"\u00dcmitk\u00f6y\u2019de 3\u201313 Ya\u015f \u00c7ocuklar \u0130\u00e7in \u0130ngilizce E\u011fitimi American Life Teenglish ile E\u011flenerek \u00d6\u011frenme Zaman\u0131\" class=\"hover-type-liftup\"><img decoding=\"async\" width=\"700\" height=\"441\" src=\"https:\/\/www.americanlife.com.tr\/umitkoy\/wp-content\/uploads\/sites\/81\/2025\/11\/American-Life-Teenglish-700x441.jpg\" class=\"attachment-recent-posts size-recent-posts lazyload\" alt=\"American Life Teenglish\" srcset=\"data:image\/svg+xml,%3Csvg%20xmlns%3D%27http%3A%2F%2Fwww.w3.org%2F2000%2Fsvg%27%20width%3D%271920%27%20height%3D%271080%27%20viewBox%3D%270%200%201920%201080%27%3E%3Crect%20width%3D%271920%27%20height%3D%271080%27%20fill-opacity%3D%220%22%2F%3E%3C%2Fsvg%3E\" data-orig-src=\"https:\/\/www.americanlife.com.tr\/umitkoy\/wp-content\/uploads\/sites\/81\/2025\/11\/American-Life-Teenglish-700x441.jpg\" data-srcset=\"https:\/\/www.americanlife.com.tr\/umitkoy\/wp-content\/uploads\/sites\/81\/2025\/11\/American-Life-Teenglish-320x202.jpg 320w, https:\/\/www.americanlife.com.tr\/umitkoy\/wp-content\/uploads\/sites\/81\/2025\/11\/American-Life-Teenglish-700x441.jpg 700w\" data-sizes=\"auto\" \/><\/a><\/li><\/ul><\/div><div class=\"recent-posts-content\"><span class=\"vcard\" style=\"display: none;\"><span class=\"fn\"><a href=\"https:\/\/www.americanlife.com.tr\/umitkoy\/author\/americanlife\" title=\"American LIFE E\u011fitim Departman\u0131 taraf\u0131ndan yaz\u0131lan yaz\u0131lar\" rel=\"author\">American LIFE E\u011fitim Departman\u0131<\/a><\/span><\/span><span class=\"updated\" style=\"display:none;\">2025-11-10T14:08:15+03:00<\/span><h4 class=\"entry-title\"><a href=\"https:\/\/www.americanlife.com.tr\/umitkoy\/umitkoyde-3-13-yas-cocuklar-icin-ingilizce-egitimi-american-life-teenglish-ile-eglenerek-ogrenme-zamani.html\">\u00dcmitk\u00f6y\u2019de 3\u201313 Ya\u015f \u00c7ocuklar \u0130\u00e7in \u0130ngilizce E\u011fitimi American Life Teenglish ile E\u011flenerek \u00d6\u011frenme Zaman\u0131<\/a><\/h4><p>\u00c7ocu\u011funuzun \u0130ngilizceyi sevmesi, hayat boyu s\u00fcrecek bir avantaj\u0131n ba\u015flang\u0131c\u0131d\u0131r. Ancak bu, klasik ders kitaplar\u0131yla de\u011fil; oyun, ileti\u015fim ve e\u011flenceli etkile\u015fimle m\u00fcmk\u00fcnd\u00fcr. American Life \u00dcmitk\u00f6y\u2019de uygulanan\u00a0Teenglish program\u0131, 3\u201313 ya\u015f aras\u0131 \u00e7ocuklara \u0130ngilizceyi sevdiren, onlar\u0131n ya\u015f ve<a href=\"https:\/\/www.americanlife.com.tr\/umitkoy\/umitkoyde-3-13-yas-cocuklar-icin-ingilizce-egitimi-american-life-teenglish-ile-eglenerek-ogrenme-zamani.html\">...<\/a><\/p><\/div><\/article><article class=\"post fusion-column column col col-lg-4 col-md-4 col-sm-4\"><div class=\"fusion-flexslider fusion-flexslider-loading flexslider flexslider-hover-type-liftup\"><ul class=\"slides\"><li><a href=\"https:\/\/www.americanlife.com.tr\/umitkoy\/teenglish-kis-okulu.html\" aria-label=\"American Life \u00dcmitk\u00f6y Teenglish K\u0131\u015f Okulu\" class=\"hover-type-liftup\"><img decoding=\"async\" width=\"700\" height=\"441\" src=\"https:\/\/www.americanlife.com.tr\/umitkoy\/wp-content\/uploads\/sites\/81\/2025\/06\/cocuklar-icin-ingilizce-yaz-okulu-01-700x441.jpg\" class=\"attachment-recent-posts size-recent-posts lazyload\" alt=\"\u00dcmitk\u00f6y Teenglish K\u0131\u015f Okulu\" srcset=\"data:image\/svg+xml,%3Csvg%20xmlns%3D%27http%3A%2F%2Fwww.w3.org%2F2000%2Fsvg%27%20width%3D%271200%27%20height%3D%27630%27%20viewBox%3D%270%200%201200%20630%27%3E%3Crect%20width%3D%271200%27%20height%3D%27630%27%20fill-opacity%3D%220%22%2F%3E%3C%2Fsvg%3E\" data-orig-src=\"https:\/\/www.americanlife.com.tr\/umitkoy\/wp-content\/uploads\/sites\/81\/2025\/06\/cocuklar-icin-ingilizce-yaz-okulu-01-700x441.jpg\" data-srcset=\"https:\/\/www.americanlife.com.tr\/umitkoy\/wp-content\/uploads\/sites\/81\/2025\/06\/cocuklar-icin-ingilizce-yaz-okulu-01-320x202.jpg 320w, https:\/\/www.americanlife.com.tr\/umitkoy\/wp-content\/uploads\/sites\/81\/2025\/06\/cocuklar-icin-ingilizce-yaz-okulu-01-700x441.jpg 700w\" data-sizes=\"auto\" \/><\/a><\/li><\/ul><\/div><div class=\"recent-posts-content\"><span class=\"vcard\" style=\"display: none;\"><span class=\"fn\"><a href=\"https:\/\/www.americanlife.com.tr\/umitkoy\/author\/americanlife\" title=\"American LIFE E\u011fitim Departman\u0131 taraf\u0131ndan yaz\u0131lan yaz\u0131lar\" rel=\"author\">American LIFE E\u011fitim Departman\u0131<\/a><\/span><\/span><span class=\"updated\" style=\"display:none;\">2025-06-26T16:47:21+03:00<\/span><h4 class=\"entry-title\"><a href=\"https:\/\/www.americanlife.com.tr\/umitkoy\/teenglish-kis-okulu.html\">American Life \u00dcmitk\u00f6y Teenglish K\u0131\u015f Okulu<\/a><\/h4><p> \u015eubemiz \u00dcmitk\u00f6y Teenglish K\u0131\u015f Okulu Y\u0131l Sonu G\u00f6sterisiyle Ta\u00e7land\u0131 Ankara \u00dcmitk\u00f6y\u2019de faaliyet g\u00f6steren American Life \u015fubemizde, 3\u201313 ya\u015f aras\u0131 \u00f6\u011frencilerimize y\u00f6nelik d\u00fczenledi\u011fimiz\u00a0Teenglish K\u0131\u015f Okulu\u00a0program\u0131, anlaml\u0131 ve duygu y\u00fckl\u00fc bir\u00a0y\u0131l sonu organizasyonu\u00a0ile tamamland\u0131. Dokuz ayl\u0131k<a href=\"https:\/\/www.americanlife.com.tr\/umitkoy\/teenglish-kis-okulu.html\">...<\/a><\/p><\/div><\/article><article class=\"post fusion-column column col col-lg-4 col-md-4 col-sm-4\"><div class=\"fusion-flexslider fusion-flexslider-loading flexslider flexslider-hover-type-liftup\"><ul class=\"slides\"><li><a href=\"https:\/\/www.americanlife.com.tr\/umitkoy\/ingilizce-yaz-kurslari.html\" aria-label=\"\u00dcmitk\u00f6y \u0130ngilizce Yaz Kurslar\u0131: Yeti\u015fkinler \u0130\u00e7in H\u0131zland\u0131r\u0131lm\u0131\u015f \u00d6\u011frenme\" class=\"hover-type-liftup\"><img decoding=\"async\" width=\"664\" height=\"441\" src=\"https:\/\/www.americanlife.com.tr\/umitkoy\/wp-content\/uploads\/sites\/81\/2024\/06\/umitkoy-ingilizce-yaz-kurslari-700x465.jpg\" class=\"attachment-recent-posts size-recent-posts lazyload\" alt=\"\u00dcmitk\u00f6y \u0130ngilizce Yaz Kurslar\u0131\" srcset=\"data:image\/svg+xml,%3Csvg%20xmlns%3D%27http%3A%2F%2Fwww.w3.org%2F2000%2Fsvg%27%20width%3D%27996%27%20height%3D%27662%27%20viewBox%3D%270%200%20996%20662%27%3E%3Crect%20width%3D%27996%27%20height%3D%27662%27%20fill-opacity%3D%220%22%2F%3E%3C%2Fsvg%3E\" data-orig-src=\"https:\/\/www.americanlife.com.tr\/umitkoy\/wp-content\/uploads\/sites\/81\/2024\/06\/umitkoy-ingilizce-yaz-kurslari-700x465.jpg\" data-srcset=\"https:\/\/www.americanlife.com.tr\/umitkoy\/wp-content\/uploads\/sites\/81\/2024\/06\/umitkoy-ingilizce-yaz-kurslari-66x43.jpg 66w, https:\/\/www.americanlife.com.tr\/umitkoy\/wp-content\/uploads\/sites\/81\/2024\/06\/umitkoy-ingilizce-yaz-kurslari-200x132.jpg 200w, https:\/\/www.americanlife.com.tr\/umitkoy\/wp-content\/uploads\/sites\/81\/2024\/06\/umitkoy-ingilizce-yaz-kurslari-320x212.jpg 320w, https:\/\/www.americanlife.com.tr\/umitkoy\/wp-content\/uploads\/sites\/81\/2024\/06\/umitkoy-ingilizce-yaz-kurslari-400x265.jpg 400w, https:\/\/www.americanlife.com.tr\/umitkoy\/wp-content\/uploads\/sites\/81\/2024\/06\/umitkoy-ingilizce-yaz-kurslari-600x398.jpg 600w, https:\/\/www.americanlife.com.tr\/umitkoy\/wp-content\/uploads\/sites\/81\/2024\/06\/umitkoy-ingilizce-yaz-kurslari-669x444.jpg 669w, https:\/\/www.americanlife.com.tr\/umitkoy\/wp-content\/uploads\/sites\/81\/2024\/06\/umitkoy-ingilizce-yaz-kurslari-700x465.jpg 700w, https:\/\/www.americanlife.com.tr\/umitkoy\/wp-content\/uploads\/sites\/81\/2024\/06\/umitkoy-ingilizce-yaz-kurslari-768x510.jpg 768w, https:\/\/www.americanlife.com.tr\/umitkoy\/wp-content\/uploads\/sites\/81\/2024\/06\/umitkoy-ingilizce-yaz-kurslari-800x531.jpg 800w, https:\/\/www.americanlife.com.tr\/umitkoy\/wp-content\/uploads\/sites\/81\/2024\/06\/umitkoy-ingilizce-yaz-kurslari.jpg 996w, https:\/\/www.americanlife.com.tr\/umitkoy\/wp-content\/uploads\/sites\/81\/2024\/06\/umitkoy-ingilizce-yaz-kurslari-1200x797.jpg 1200w\" data-sizes=\"auto\" \/><\/a><\/li><\/ul><\/div><div class=\"recent-posts-content\"><span class=\"vcard\" style=\"display: none;\"><span class=\"fn\"><a href=\"https:\/\/www.americanlife.com.tr\/umitkoy\/author\/americanlife\" title=\"American LIFE E\u011fitim Departman\u0131 taraf\u0131ndan yaz\u0131lan yaz\u0131lar\" rel=\"author\">American LIFE E\u011fitim Departman\u0131<\/a><\/span><\/span><span class=\"updated\" style=\"display:none;\">2024-06-10T15:31:43+03:00<\/span><h4 class=\"entry-title\"><a href=\"https:\/\/www.americanlife.com.tr\/umitkoy\/ingilizce-yaz-kurslari.html\">\u00dcmitk\u00f6y \u0130ngilizce Yaz Kurslar\u0131: Yeti\u015fkinler \u0130\u00e7in H\u0131zland\u0131r\u0131lm\u0131\u015f \u00d6\u011frenme<\/a><\/h4><p>Yeti\u015fkinler \u0130\u00e7in Yaz D\u00f6nemi \u0130ngilizce Kurslar\u0131: Genel Bak\u0131\u015f Bu yaz \u00dcmitk\u00f6y\u2019de sunulan yeti\u015fkinler i\u00e7in \u0130ngilizce kurslar\u0131, h\u0131zland\u0131r\u0131lm\u0131\u015f \u00f6\u011frenme metodlar\u0131yla dikkat \u00e7ekiyor. \u0130ngilizce \u00f6\u011frenmenin ne denli \u00f6nemli oldu\u011funu bildi\u011fimden, bu kurslar\u0131n sunmu\u015f oldu\u011fu kapsaml\u0131 i\u00e7eri\u011fi detayl\u0131<a href=\"https:\/\/www.americanlife.com.tr\/umitkoy\/ingilizce-yaz-kurslari.html\">...<\/a><\/p><\/div><\/article><article class=\"post fusion-column column col col-lg-4 col-md-4 col-sm-4\"><div class=\"fusion-flexslider fusion-flexslider-loading flexslider flexslider-hover-type-liftup\"><ul class=\"slides\"><li><a href=\"https:\/\/www.americanlife.com.tr\/umitkoy\/almanca-kursu.html\" aria-label=\"American LIFE \u00dcmitk\u00f6y Almanca Kursu\" class=\"hover-type-liftup\"><img decoding=\"async\" width=\"664\" height=\"441\" src=\"https:\/\/www.americanlife.com.tr\/umitkoy\/wp-content\/uploads\/sites\/81\/2024\/06\/umitkoy-almanca-kursu-700x465.jpg\" class=\"attachment-recent-posts size-recent-posts lazyload\" alt=\"\u00dcmitk\u00f6y Almanca Kursu\" srcset=\"data:image\/svg+xml,%3Csvg%20xmlns%3D%27http%3A%2F%2Fwww.w3.org%2F2000%2Fsvg%27%20width%3D%27996%27%20height%3D%27662%27%20viewBox%3D%270%200%20996%20662%27%3E%3Crect%20width%3D%27996%27%20height%3D%27662%27%20fill-opacity%3D%220%22%2F%3E%3C%2Fsvg%3E\" data-orig-src=\"https:\/\/www.americanlife.com.tr\/umitkoy\/wp-content\/uploads\/sites\/81\/2024\/06\/umitkoy-almanca-kursu-700x465.jpg\" data-srcset=\"https:\/\/www.americanlife.com.tr\/umitkoy\/wp-content\/uploads\/sites\/81\/2024\/06\/umitkoy-almanca-kursu-66x43.jpg 66w, https:\/\/www.americanlife.com.tr\/umitkoy\/wp-content\/uploads\/sites\/81\/2024\/06\/umitkoy-almanca-kursu-200x132.jpg 200w, https:\/\/www.americanlife.com.tr\/umitkoy\/wp-content\/uploads\/sites\/81\/2024\/06\/umitkoy-almanca-kursu-320x212.jpg 320w, https:\/\/www.americanlife.com.tr\/umitkoy\/wp-content\/uploads\/sites\/81\/2024\/06\/umitkoy-almanca-kursu-400x265.jpg 400w, https:\/\/www.americanlife.com.tr\/umitkoy\/wp-content\/uploads\/sites\/81\/2024\/06\/umitkoy-almanca-kursu-600x398.jpg 600w, https:\/\/www.americanlife.com.tr\/umitkoy\/wp-content\/uploads\/sites\/81\/2024\/06\/umitkoy-almanca-kursu-669x444.jpg 669w, https:\/\/www.americanlife.com.tr\/umitkoy\/wp-content\/uploads\/sites\/81\/2024\/06\/umitkoy-almanca-kursu-700x465.jpg 700w, https:\/\/www.americanlife.com.tr\/umitkoy\/wp-content\/uploads\/sites\/81\/2024\/06\/umitkoy-almanca-kursu-768x510.jpg 768w, https:\/\/www.americanlife.com.tr\/umitkoy\/wp-content\/uploads\/sites\/81\/2024\/06\/umitkoy-almanca-kursu-800x531.jpg 800w, https:\/\/www.americanlife.com.tr\/umitkoy\/wp-content\/uploads\/sites\/81\/2024\/06\/umitkoy-almanca-kursu.jpg 996w, https:\/\/www.americanlife.com.tr\/umitkoy\/wp-content\/uploads\/sites\/81\/2024\/06\/umitkoy-almanca-kursu-1200x797.jpg 1200w\" data-sizes=\"auto\" \/><\/a><\/li><\/ul><\/div><div class=\"recent-posts-content\"><span class=\"vcard\" style=\"display: none;\"><span class=\"fn\"><a href=\"https:\/\/www.americanlife.com.tr\/umitkoy\/author\/americanlife\" title=\"American LIFE E\u011fitim Departman\u0131 taraf\u0131ndan yaz\u0131lan yaz\u0131lar\" rel=\"author\">American LIFE E\u011fitim Departman\u0131<\/a><\/span><\/span><span class=\"updated\" style=\"display:none;\">2024-06-10T15:10:22+03:00<\/span><h4 class=\"entry-title\"><a href=\"https:\/\/www.americanlife.com.tr\/umitkoy\/almanca-kursu.html\">American LIFE \u00dcmitk\u00f6y Almanca Kursu<\/a><\/h4><p>\u00dcmitk\u00f6y Almanca Kursu: E\u011fitim Kalitesi ve \u00d6\u011fretim Metodlar\u0131 \u00dcmitk\u00f6y Almanca Kursu, e\u011fitim kalitesi ve \u00f6\u011fretim metodlar\u0131 a\u00e7\u0131s\u0131ndan geni\u015f bir yelpaze sunar. Almanca \u00f6\u011frenmek isteyenler i\u00e7in \u00e7e\u015fitli \u00f6\u011frenme yollar\u0131 ve ara\u00e7lar\u0131 sa\u011flar. Dersler, \u00f6\u011frencilerin dil geli\u015fimini<a href=\"https:\/\/www.americanlife.com.tr\/umitkoy\/almanca-kursu.html\">...<\/a><\/p><\/div><\/article><article class=\"post fusion-column column col col-lg-4 col-md-4 col-sm-4\"><div class=\"fusion-flexslider fusion-flexslider-loading flexslider flexslider-hover-type-liftup\"><ul class=\"slides\"><li><a href=\"https:\/\/www.americanlife.com.tr\/umitkoy\/yabanci-dil-egitimi-icin-tavsiyeler.html\" aria-label=\"Ankara \u00dcmitk\u00f6y Yabanc\u0131 Dil E\u011fitimi \u0130\u00e7in Tavsiyeler\" class=\"hover-type-liftup\"><img decoding=\"async\" width=\"662\" height=\"441\" src=\"https:\/\/www.americanlife.com.tr\/umitkoy\/wp-content\/uploads\/sites\/81\/2024\/06\/yabanci-dil-egitimi-icin-tavsiyeler-700x466.jpg\" class=\"attachment-recent-posts size-recent-posts lazyload\" alt=\"Yabanc\u0131 Dil E\u011fitimi \u0130\u00e7in Tavsiyeler\" srcset=\"data:image\/svg+xml,%3Csvg%20xmlns%3D%27http%3A%2F%2Fwww.w3.org%2F2000%2Fsvg%27%20width%3D%27996%27%20height%3D%27664%27%20viewBox%3D%270%200%20996%20664%27%3E%3Crect%20width%3D%27996%27%20height%3D%27664%27%20fill-opacity%3D%220%22%2F%3E%3C%2Fsvg%3E\" data-orig-src=\"https:\/\/www.americanlife.com.tr\/umitkoy\/wp-content\/uploads\/sites\/81\/2024\/06\/yabanci-dil-egitimi-icin-tavsiyeler-700x466.jpg\" data-srcset=\"https:\/\/www.americanlife.com.tr\/umitkoy\/wp-content\/uploads\/sites\/81\/2024\/06\/yabanci-dil-egitimi-icin-tavsiyeler-66x44.jpg 66w, https:\/\/www.americanlife.com.tr\/umitkoy\/wp-content\/uploads\/sites\/81\/2024\/06\/yabanci-dil-egitimi-icin-tavsiyeler-200x133.jpg 200w, https:\/\/www.americanlife.com.tr\/umitkoy\/wp-content\/uploads\/sites\/81\/2024\/06\/yabanci-dil-egitimi-icin-tavsiyeler-320x213.jpg 320w, https:\/\/www.americanlife.com.tr\/umitkoy\/wp-content\/uploads\/sites\/81\/2024\/06\/yabanci-dil-egitimi-icin-tavsiyeler-400x266.jpg 400w, https:\/\/www.americanlife.com.tr\/umitkoy\/wp-content\/uploads\/sites\/81\/2024\/06\/yabanci-dil-egitimi-icin-tavsiyeler-600x400.jpg 600w, https:\/\/www.americanlife.com.tr\/umitkoy\/wp-content\/uploads\/sites\/81\/2024\/06\/yabanci-dil-egitimi-icin-tavsiyeler-669x446.jpg 669w, https:\/\/www.americanlife.com.tr\/umitkoy\/wp-content\/uploads\/sites\/81\/2024\/06\/yabanci-dil-egitimi-icin-tavsiyeler-700x466.jpg 700w, https:\/\/www.americanlife.com.tr\/umitkoy\/wp-content\/uploads\/sites\/81\/2024\/06\/yabanci-dil-egitimi-icin-tavsiyeler-768x512.jpg 768w, https:\/\/www.americanlife.com.tr\/umitkoy\/wp-content\/uploads\/sites\/81\/2024\/06\/yabanci-dil-egitimi-icin-tavsiyeler-800x533.jpg 800w, https:\/\/www.americanlife.com.tr\/umitkoy\/wp-content\/uploads\/sites\/81\/2024\/06\/yabanci-dil-egitimi-icin-tavsiyeler.jpg 996w, https:\/\/www.americanlife.com.tr\/umitkoy\/wp-content\/uploads\/sites\/81\/2024\/06\/yabanci-dil-egitimi-icin-tavsiyeler-1200x800.jpg 1200w\" data-sizes=\"auto\" \/><\/a><\/li><\/ul><\/div><div class=\"recent-posts-content\"><span class=\"vcard\" style=\"display: none;\"><span class=\"fn\"><a href=\"https:\/\/www.americanlife.com.tr\/umitkoy\/author\/americanlife\" title=\"American LIFE E\u011fitim Departman\u0131 taraf\u0131ndan yaz\u0131lan yaz\u0131lar\" rel=\"author\">American LIFE E\u011fitim Departman\u0131<\/a><\/span><\/span><span class=\"updated\" style=\"display:none;\">2024-06-10T13:09:02+03:00<\/span><h4 class=\"entry-title\"><a href=\"https:\/\/www.americanlife.com.tr\/umitkoy\/yabanci-dil-egitimi-icin-tavsiyeler.html\">Ankara \u00dcmitk\u00f6y Yabanc\u0131 Dil E\u011fitimi \u0130\u00e7in Tavsiyeler<\/a><\/h4><p>Ankara'da Yabanc\u0131 Dil Kurslar\u0131na Genel Bak\u0131\u015f Ankara'da ya\u015faman\u0131n en b\u00fcy\u00fck avantajlar\u0131ndan biri, yabanc\u0131 dil kurslar\u0131 a\u00e7\u0131s\u0131ndan geni\u015f bir yelpazeye sahip olmakt\u0131r. \u00dcmitk\u00f6y'de ya\u015farken, bir\u00e7ok dil kursunun sundu\u011fu f\u0131rsat ve olanaklardan yararlanabilirsiniz. Bu kurslar\u0131n \u00f6ne \u00e7\u0131kan<a href=\"https:\/\/www.americanlife.com.tr\/umitkoy\/yabanci-dil-egitimi-icin-tavsiyeler.html\">...<\/a><\/p><\/div><\/article><article class=\"post fusion-column column col col-lg-4 col-md-4 col-sm-4\"><div class=\"fusion-flexslider fusion-flexslider-loading flexslider flexslider-hover-type-liftup\"><ul class=\"slides\"><li><a href=\"https:\/\/www.americanlife.com.tr\/umitkoy\/yetiskinler-icin-ingilizce-kursu.html\" aria-label=\"\u00dcmitk\u00f6y Yeti\u015fkinler \u0130\u00e7in \u0130ngilizce Kursu\" class=\"hover-type-liftup\"><img decoding=\"async\" width=\"700\" height=\"441\" src=\"https:\/\/www.americanlife.com.tr\/umitkoy\/wp-content\/uploads\/sites\/81\/2024\/05\/yetiskinler-icin-ingilizce-kursu-700x441.jpg\" class=\"attachment-recent-posts size-recent-posts lazyload\" alt=\"\u00dcmitk\u00f6y Yeti\u015fkinler \u0130\u00e7in \u0130ngilizce Kursu\" srcset=\"data:image\/svg+xml,%3Csvg%20xmlns%3D%27http%3A%2F%2Fwww.w3.org%2F2000%2Fsvg%27%20width%3D%27998%27%20height%3D%27668%27%20viewBox%3D%270%200%20998%20668%27%3E%3Crect%20width%3D%27998%27%20height%3D%27668%27%20fill-opacity%3D%220%22%2F%3E%3C%2Fsvg%3E\" data-orig-src=\"https:\/\/www.americanlife.com.tr\/umitkoy\/wp-content\/uploads\/sites\/81\/2024\/05\/yetiskinler-icin-ingilizce-kursu-700x441.jpg\" data-srcset=\"https:\/\/www.americanlife.com.tr\/umitkoy\/wp-content\/uploads\/sites\/81\/2024\/05\/yetiskinler-icin-ingilizce-kursu-320x202.jpg 320w, https:\/\/www.americanlife.com.tr\/umitkoy\/wp-content\/uploads\/sites\/81\/2024\/05\/yetiskinler-icin-ingilizce-kursu-700x441.jpg 700w\" data-sizes=\"auto\" \/><\/a><\/li><\/ul><\/div><div class=\"recent-posts-content\"><span class=\"vcard\" style=\"display: none;\"><span class=\"fn\"><a href=\"https:\/\/www.americanlife.com.tr\/umitkoy\/author\/americanlife\" title=\"American LIFE E\u011fitim Departman\u0131 taraf\u0131ndan yaz\u0131lan yaz\u0131lar\" rel=\"author\">American LIFE E\u011fitim Departman\u0131<\/a><\/span><\/span><span class=\"updated\" style=\"display:none;\">2024-05-31T12:23:52+03:00<\/span><h4 class=\"entry-title\"><a href=\"https:\/\/www.americanlife.com.tr\/umitkoy\/yetiskinler-icin-ingilizce-kursu.html\">\u00dcmitk\u00f6y Yeti\u015fkinler \u0130\u00e7in \u0130ngilizce Kursu<\/a><\/h4><p>Yeti\u015fkinler \u0130\u00e7in \u0130ngilizce Kursu G\u00fcn\u00fcm\u00fcz\u00fcn k\u00fcreselle\u015fmi\u015f d\u00fcnyas\u0131nda \u0130ngilizce bilmek, hem ki\u015fisel hem de mesleki geli\u015fim i\u00e7in b\u00fcy\u00fck bir avantaj sa\u011flar. \u0130ngilizce kurslar\u0131na kat\u0131lman\u0131n yeti\u015fkinler i\u00e7in neden bu kadar kritik oldu\u011funu a\u015fa\u011f\u0131da maddeler halinde a\u00e7\u0131kl\u0131yorum: \u0130\u015f<a href=\"https:\/\/www.americanlife.com.tr\/umitkoy\/yetiskinler-icin-ingilizce-kursu.html\">...<\/a><\/p><\/div><\/article><\/section><div class=\"fusion-infinite-scroll-trigger\"><\/div><div class=\"pagination infinite-scroll clearfix\" style=\"display:none;\"><span class=\"current\">1<\/span><a href=\"https:\/\/www.americanlife.com.tr\/umitkoy\/wp-json\/wp\/v2\/pages\/1646\/page\/2\" class=\"inactive\">2<\/a><a class=\"pagination-next\" rel=\"next\" href=\"https:\/\/www.americanlife.com.tr\/umitkoy\/wp-json\/wp\/v2\/pages\/1646\/page\/2\"><span class=\"page-text\">Sonraki<\/span><span class=\"page-next\"><\/span><\/a><\/div><div class=\"fusion-clearfix\"><\/div><\/div><\/div><\/div><\/div><\/div>\n","protected":false},"excerpt":{"rendered":"","protected":false},"author":1,"featured_media":0,"parent":0,"menu_order":0,"comment_status":"closed","ping_status":"closed","template":"100-width.php","meta":{"_joinchat":[],"footnotes":""},"class_list":["post-1646","page","type-page","status-publish","hentry"],"_links":{"self":[{"href":"https:\/\/www.americanlife.com.tr\/umitkoy\/wp-json\/wp\/v2\/pages\/1646","targetHints":{"allow":["GET"]}}],"collection":[{"href":"https:\/\/www.americanlife.com.tr\/umitkoy\/wp-json\/wp\/v2\/pages"}],"about":[{"href":"https:\/\/www.americanlife.com.tr\/umitkoy\/wp-json\/wp\/v2\/types\/page"}],"author":[{"embeddable":true,"href":"https:\/\/www.americanlife.com.tr\/umitkoy\/wp-json\/wp\/v2\/users\/1"}],"replies":[{"embeddable":true,"href":"https:\/\/www.americanlife.com.tr\/umitkoy\/wp-json\/wp\/v2\/comments?post=1646"}],"version-history":[{"count":0,"href":"https:\/\/www.americanlife.com.tr\/umitkoy\/wp-json\/wp\/v2\/pages\/1646\/revisions"}],"wp:attachment":[{"href":"https:\/\/www.americanlife.com.tr\/umitkoy\/wp-json\/wp\/v2\/media?parent=1646"}],"curies":[{"name":"wp","href":"https:\/\/api.w.org\/{rel}","templated":true}]}}