{"id":1715,"date":"2025-06-23T19:17:21","date_gmt":"2025-06-23T16:17:21","guid":{"rendered":"https:\/\/www.americanlife.com.tr\/yahyakaptan\/?page_id=1715"},"modified":"2026-04-05T13:42:55","modified_gmt":"2026-04-05T10:42:55","slug":"blog","status":"publish","type":"page","link":"https:\/\/www.americanlife.com.tr\/yahyakaptan\/blog","title":{"rendered":"Blog"},"content":{"rendered":"<p><div class=\"fusion-fullwidth fullwidth-box fusion-builder-row-1 fusion-flex-container has-pattern-background has-mask-background nonhundred-percent-fullwidth non-hundred-percent-height-scrolling\" style=\"--awb-border-radius-top-left:0px;--awb-border-radius-top-right:0px;--awb-border-radius-bottom-right:0px;--awb-border-radius-bottom-left:0px;--awb-flex-wrap:wrap;\" ><div class=\"fusion-builder-row fusion-row fusion-flex-align-items-flex-start fusion-flex-content-wrap\" style=\"max-width:1248px;margin-left: calc(-4% \/ 2 );margin-right: calc(-4% \/ 2 );\"><div class=\"fusion-layout-column fusion_builder_column fusion-builder-column-0 fusion_builder_column_1_1 1_1 fusion-flex-column\" style=\"--awb-bg-size:cover;--awb-width-large:100%;--awb-margin-top-large:0px;--awb-spacing-right-large:1.92%;--awb-margin-bottom-large:20px;--awb-spacing-left-large:1.92%;--awb-width-medium:100%;--awb-order-medium:0;--awb-spacing-right-medium:1.92%;--awb-spacing-left-medium:1.92%;--awb-width-small:100%;--awb-order-small:0;--awb-spacing-right-small:1.92%;--awb-spacing-left-small:1.92%;\"><div class=\"fusion-column-wrapper fusion-column-has-shadow fusion-flex-justify-content-flex-start fusion-content-layout-column\"><div class=\"fusion-title title fusion-title-1 fusion-sep-none fusion-title-center fusion-title-text fusion-title-size-one\" style=\"--awb-margin-top-small:0px;--awb-margin-bottom-small:20px;--awb-font-size:32px;\"><h1 class=\"fusion-title-heading title-heading-center fusion-responsive-typography-calculated\" style=\"margin:0;font-size:1em;--fontSize:32;line-height:1.16;\"><strong>American LIFE Yahya Kaptan<\/strong><\/h1><\/div><div class=\"fusion-title title fusion-title-2 fusion-sep-none fusion-title-center fusion-title-text fusion-title-size-one\" style=\"--awb-margin-top-small:0px;--awb-margin-bottom-small:20px;--awb-font-size:24px;\"><h1 class=\"fusion-title-heading title-heading-center fusion-responsive-typography-calculated\" style=\"margin:0;font-size:1em;--fontSize:24;line-height:1.16;\">Yeti\u015fkin ve \u00c7ocuklar \u0130\u00e7in \u0130ngilizce Almanca Rus\u00e7a Kursu Blog Haberleri<\/h1><\/div><\/div><\/div><\/div><\/div><div class=\"fusion-fullwidth fullwidth-box fusion-builder-row-2 fusion-flex-container nonhundred-percent-fullwidth non-hundred-percent-height-scrolling\" style=\"--awb-border-radius-top-left:0px;--awb-border-radius-top-right:0px;--awb-border-radius-bottom-right:0px;--awb-border-radius-bottom-left:0px;--awb-flex-wrap:wrap;\" ><div class=\"fusion-builder-row fusion-row fusion-flex-align-items-flex-start fusion-flex-content-wrap\" style=\"max-width:1248px;margin-left: calc(-4% \/ 2 );margin-right: calc(-4% \/ 2 );\"><div class=\"fusion-layout-column fusion_builder_column fusion-builder-column-1 fusion_builder_column_1_1 1_1 fusion-flex-column\" style=\"--awb-bg-size:cover;--awb-width-large:100%;--awb-margin-top-large:0px;--awb-spacing-right-large:1.92%;--awb-margin-bottom-large:20px;--awb-spacing-left-large:1.92%;--awb-width-medium:100%;--awb-order-medium:0;--awb-spacing-right-medium:1.92%;--awb-spacing-left-medium:1.92%;--awb-width-small:100%;--awb-order-small:0;--awb-spacing-right-small:1.92%;--awb-spacing-left-small:1.92%;\"><div class=\"fusion-column-wrapper fusion-column-has-shadow fusion-flex-justify-content-flex-start fusion-content-layout-column\"><div class=\"fusion-blog-shortcode fusion-blog-shortcode-1 fusion-blog-archive fusion-blog-layout-medium-alternate fusion-blog-infinite\"><div class=\"fusion-posts-container fusion-posts-container-infinite fusion-no-meta-info\" data-pages=\"6\"><article id=\"blog-1-post-1927\" class=\"fusion-post-medium-alternate post-1927 post type-post status-publish format-standard has-post-thumbnail hentry category-cocuklar-icin-ingilizce\">\n<div class=\"fusion-date-and-formats\"><div class=\"fusion-date-box updated\"><span class=\"fusion-date\">14<\/span><span class=\"fusion-month-year\">05, 2026<\/span><\/div><div class=\"fusion-format-box\"><i class=\"awb-icon-pen\" aria-hidden=\"true\"><\/i><\/div><\/div>\t<style type=\"text\/css\">\n\t\t\n\t\t\n\t\t\n\t\t\n\t\t\t<\/style>\n\n\n\t\t\t<div class=\"fusion-flexslider flexslider fusion-flexslider-loading fusion-post-slideshow\" style=\"\">\n\t\t<ul class=\"slides\">\n\t\t\t\n\t\t\t\t\t\t\t\t\t\t\t\t\t\t<li><div  class=\"fusion-image-wrapper fusion-image-size-fixed\" aria-haspopup=\"true\">\n\t\t\t\t\t\t\t<a href=\"https:\/\/www.americanlife.com.tr\/yahyakaptan\/ilkokul-ve-ortaokul-doneminde-ingilizce-ogrenimi.html\" aria-label=\"\u0130lkokul ve Ortaokul D\u00f6neminde (7-13 Ya\u015f) \u0130ngilizce \u00d6\u011frenimi\">\n\t\t\t\t\t\t\t<img decoding=\"async\" width=\"320\" height=\"202\" src=\"https:\/\/www.americanlife.com.tr\/yahyakaptan\/wp-content\/uploads\/sites\/67\/2026\/05\/ilkokul-ve-ortaokul-doneminde-ingilizce-ogrenimi-001-320x202.webp\" class=\"attachment-blog-medium size-blog-medium wp-post-image\" alt=\"ilkokul ingilizce\" srcset=\"https:\/\/www.americanlife.com.tr\/yahyakaptan\/wp-content\/uploads\/sites\/67\/2026\/05\/ilkokul-ve-ortaokul-doneminde-ingilizce-ogrenimi-001-320x202.webp 320w, https:\/\/www.americanlife.com.tr\/yahyakaptan\/wp-content\/uploads\/sites\/67\/2026\/05\/ilkokul-ve-ortaokul-doneminde-ingilizce-ogrenimi-001-700x441.webp 700w\" sizes=\"(max-width: 320px) 100vw, 320px\" \/>\t\t\t<\/a>\n\t\t\t\t\t\t\t<\/div>\n<\/li>\n\t\t\t\n\t\t\t\n\t\t\t\t\t\t\t\t\t\t\t\t\t\t\t\t\t\t\t\t\t\t\t\t\t\t\t\t\t\t\t\t\t\t\t\t\t\t\t\t\t\t\t\t\t\t\t\t\t\t\t\t\t\t\t\t\t\t\t\t\t\t\t\t\t\t\t\t\t\t\t\t\t\t\t\t\t\t\t\t\t\t\t\t\t\t\t\t\t\t\t\t\t\t\t\t\t\t\t\t\t\t\t\t\t\t\t\t\t\t\t\t\t<\/ul>\n\t<\/div>\n\t<div class=\"fusion-post-content post-content\"><h2 class=\"blog-shortcode-post-title entry-title\"><a href=\"https:\/\/www.americanlife.com.tr\/yahyakaptan\/ilkokul-ve-ortaokul-doneminde-ingilizce-ogrenimi.html\">\u0130lkokul ve Ortaokul D\u00f6neminde (7-13 Ya\u015f) \u0130ngilizce \u00d6\u011frenimi<\/a><\/h2><div class=\"fusion-post-content-container\"><p> \u00c7ocukluk d\u00f6nemi, yabanc\u0131 dil \u00f6\u011frenimi a\u00e7\u0131s\u0131ndan en verimli d\u00f6nemlerden biridir. \u00d6zellikle 7-13 ya\u015f aras\u0131 \u00f6\u011frenciler i\u00e7in planlanan do\u011fru bir e\u011fitim sistemi, \u0130ngilizceyi yaln\u0131zca okul dersi olmaktan \u00e7\u0131kar\u0131r, g\u00fcnl\u00fck hayat\u0131n do\u011fal bir par\u00e7as\u0131 haline getirir. Bug\u00fcn bir\u00e7ok veli, \u00e7ocuklar\u0131n\u0131n gelece\u011fi i\u00e7in erken ya\u015fta \u0130ngilizce e\u011fitimine \u00f6nem veriyor ve \u201ciyi bir \u00e7ocuklar i\u00e7in \u0130ngilizce kursu nas\u0131l<a href=\"https:\/\/www.americanlife.com.tr\/yahyakaptan\/ilkokul-ve-ortaokul-doneminde-ingilizce-ogrenimi.html\">...<\/a><\/p><\/div><\/div><div class=\"fusion-clearfix\"><\/div><\/article>\n<article id=\"blog-1-post-1798\" class=\"fusion-post-medium-alternate post-1798 post type-post status-publish format-standard has-post-thumbnail hentry category-cocuklar-icin-ingilizce\">\n<div class=\"fusion-date-and-formats\"><div class=\"fusion-date-box updated\"><span class=\"fusion-date\">5<\/span><span class=\"fusion-month-year\">04, 2026<\/span><\/div><div class=\"fusion-format-box\"><i class=\"awb-icon-pen\" aria-hidden=\"true\"><\/i><\/div><\/div>\t<style type=\"text\/css\">\n\t\t\n\t\t\n\t\t\n\t\t\n\t\t\t<\/style>\n\n\n\t\t\t<div class=\"fusion-flexslider flexslider fusion-flexslider-loading fusion-post-slideshow\" style=\"\">\n\t\t<ul class=\"slides\">\n\t\t\t\n\t\t\t\t\t\t\t\t\t\t\t\t\t\t<li><div  class=\"fusion-image-wrapper fusion-image-size-fixed\" aria-haspopup=\"true\">\n\t\t\t\t\t\t\t<a href=\"https:\/\/www.americanlife.com.tr\/yahyakaptan\/erken-yasta-ingilizce-2.html\" aria-label=\"Erken Ya\u015fta \u0130ngilizce\">\n\t\t\t\t\t\t\t<img decoding=\"async\" width=\"320\" height=\"202\" src=\"https:\/\/www.americanlife.com.tr\/yahyakaptan\/wp-content\/uploads\/sites\/67\/2026\/04\/erken-yasta-yabanci-dil-320x202.webp\" class=\"attachment-blog-medium size-blog-medium wp-post-image\" alt=\"Erken Ya\u015fta \u0130ngilizce\" srcset=\"https:\/\/www.americanlife.com.tr\/yahyakaptan\/wp-content\/uploads\/sites\/67\/2026\/04\/erken-yasta-yabanci-dil-320x202.webp 320w, https:\/\/www.americanlife.com.tr\/yahyakaptan\/wp-content\/uploads\/sites\/67\/2026\/04\/erken-yasta-yabanci-dil-700x441.webp 700w\" sizes=\"(max-width: 320px) 100vw, 320px\" \/>\t\t\t<\/a>\n\t\t\t\t\t\t\t<\/div>\n<\/li>\n\t\t\t\n\t\t\t\n\t\t\t\t\t\t\t\t\t\t\t\t\t\t\t\t\t\t\t\t\t\t\t\t\t\t\t\t\t\t\t\t\t\t\t\t\t\t\t\t\t\t\t\t\t\t\t\t\t\t\t\t\t\t\t\t\t\t\t\t\t\t\t\t\t\t\t\t\t\t\t\t\t\t\t\t\t\t\t\t\t\t\t\t\t\t\t\t\t\t\t\t\t\t\t\t\t\t\t\t\t\t\t\t\t\t\t\t\t\t\t\t\t<\/ul>\n\t<\/div>\n\t<div class=\"fusion-post-content post-content\"><h2 class=\"blog-shortcode-post-title entry-title\"><a href=\"https:\/\/www.americanlife.com.tr\/yahyakaptan\/erken-yasta-ingilizce-2.html\">Erken Ya\u015fta \u0130ngilizce<\/a><\/h2><div class=\"fusion-post-content-container\"><p>Erken ya\u015fta \u0130ngilizce \u00f6\u011frenmenin faydalar\u0131na y\u00f6nelik \u00f6zellikle \u0130zmit \u015fehrinde ilgili kurumlar \u00e7e\u015fitli \u00e7al\u0131\u015fmalar y\u00fcr\u00fct\u00fcr. Peki, ama neden erken ya\u015fta \u0130ngilizce \u00f6\u011frenmek gerekir? \u00c7\u00fcnk\u00fc D\u00fcnya genelinde yayg\u0131n olan bir dildir. \u0130leride se\u00e7ilen pek \u00e7ok meslek i\u00e7in olduk\u00e7a \u00f6nemlidir. K\u00fc\u00e7\u00fck ya\u015flarda \u00f6\u011frenilen ikinci bir dilin geli\u015fim \u00fczerine etkileri vard\u0131r. Bu geli\u015fim sadece ki\u015fisel geli\u015fimden ibaret de\u011fildir. E\u011fitim<a href=\"https:\/\/www.americanlife.com.tr\/yahyakaptan\/erken-yasta-ingilizce-2.html\">...<\/a><\/p><\/div><\/div><div class=\"fusion-clearfix\"><\/div><\/article>\n<article id=\"blog-1-post-1719\" class=\"fusion-post-medium-alternate post-1719 post type-post status-publish format-standard has-post-thumbnail hentry category-ingilizce-kursu tag-american-life-dil-okullari tag-ingilizce-egitimi tag-yahya-kaptan\">\n<div class=\"fusion-date-and-formats\"><div class=\"fusion-date-box updated\"><span class=\"fusion-date\">7<\/span><span class=\"fusion-month-year\">07, 2025<\/span><\/div><div class=\"fusion-format-box\"><i class=\"awb-icon-pen\" aria-hidden=\"true\"><\/i><\/div><\/div>\t<style type=\"text\/css\">\n\t\t\n\t\t\n\t\t\n\t\t\n\t\t\t<\/style>\n\n\n\t\t\t<div class=\"fusion-flexslider flexslider fusion-flexslider-loading fusion-post-slideshow\" style=\"\">\n\t\t<ul class=\"slides\">\n\t\t\t\n\t\t\t\t\t\t\t\t\t\t\t\t\t\t<li><div  class=\"fusion-image-wrapper fusion-image-size-fixed\" aria-haspopup=\"true\">\n\t\t\t\t\t\t\t<a href=\"https:\/\/www.americanlife.com.tr\/yahyakaptan\/yahya-kaptan-da-ingilizce-egitimi.html\" aria-label=\"Yahya Kaptan\u2019da \u0130ngilizce E\u011fitiminin Do\u011fru Adresi American LIFE Dil Okullar\u0131\">\n\t\t\t\t\t\t\t<img decoding=\"async\" width=\"320\" height=\"202\" src=\"https:\/\/www.americanlife.com.tr\/yahyakaptan\/wp-content\/uploads\/sites\/67\/2025\/07\/american-life-yahya-kaptan-320x202.jpg\" class=\"attachment-blog-medium size-blog-medium wp-post-image\" alt=\"Yahya Kaptan\u2019da \u0130ngilizce E\u011fitimi\" srcset=\"https:\/\/www.americanlife.com.tr\/yahyakaptan\/wp-content\/uploads\/sites\/67\/2025\/07\/american-life-yahya-kaptan-320x202.jpg 320w, https:\/\/www.americanlife.com.tr\/yahyakaptan\/wp-content\/uploads\/sites\/67\/2025\/07\/american-life-yahya-kaptan-700x441.jpg 700w\" sizes=\"(max-width: 320px) 100vw, 320px\" \/>\t\t\t<\/a>\n\t\t\t\t\t\t\t<\/div>\n<\/li>\n\t\t\t\n\t\t\t\n\t\t\t\t\t\t\t\t\t\t\t\t\t\t\t\t\t\t\t\t\t\t\t\t\t\t\t\t\t\t\t\t\t\t\t\t\t\t\t\t\t\t\t\t\t\t\t\t\t\t\t\t\t\t\t\t\t\t\t\t\t\t\t\t\t\t\t\t\t\t\t\t\t\t\t\t\t\t\t\t\t\t\t\t\t\t\t\t\t\t\t\t\t\t\t\t\t\t\t\t\t\t\t\t\t\t\t\t\t\t\t\t\t<\/ul>\n\t<\/div>\n\t<div class=\"fusion-post-content post-content\"><h2 class=\"blog-shortcode-post-title entry-title\"><a href=\"https:\/\/www.americanlife.com.tr\/yahyakaptan\/yahya-kaptan-da-ingilizce-egitimi.html\">Yahya Kaptan\u2019da \u0130ngilizce E\u011fitiminin Do\u011fru Adresi American LIFE Dil Okullar\u0131<\/a><\/h2><div class=\"fusion-post-content-container\"><p> Yahya Kaptan\u2019da \u0130ngilizce E\u011fitiminin Do\u011fru Adresi \u0130zmit\u2019in en \u00e7ok tercih edilen dil kursu kurumu olan American Life Dil Okullar\u0131, Yahya Kaptan\u2019da da hem yeti\u015fkin \u00f6\u011frencilere hem de \u00e7ocuk \u00f6\u011frencilere dil kursu hizmeti sunuyor. Modern altyap\u0131s\u0131, deneyimli e\u011fitmen kadrosu, uluslararas\u0131 standartlardaki m\u00fcfredat\u0131 ve g\u00fc\u00e7l\u00fc sosyal ya\u015fam a\u011f\u0131 ile dil \u00f6\u011frenimini sadece bir ders de\u011fil, bir<a href=\"https:\/\/www.americanlife.com.tr\/yahyakaptan\/yahya-kaptan-da-ingilizce-egitimi.html\">...<\/a><\/p><\/div><\/div><div class=\"fusion-clearfix\"><\/div><\/article>\n<article id=\"blog-1-post-1663\" class=\"fusion-post-medium-alternate post-1663 post type-post status-publish format-standard has-post-thumbnail hentry category-cocuklar-icin-ingilizce tag-cocuklar-icin-ingilizce-kursu tag-kis-okulu tag-sosyal-bir-bulusma tag-yahya-kaptan tag-yaz-okulu\">\n<div class=\"fusion-date-and-formats\"><div class=\"fusion-date-box updated\"><span class=\"fusion-date\">23<\/span><span class=\"fusion-month-year\">06, 2025<\/span><\/div><div class=\"fusion-format-box\"><i class=\"awb-icon-pen\" aria-hidden=\"true\"><\/i><\/div><\/div>\t<style type=\"text\/css\">\n\t\t\n\t\t\n\t\t\n\t\t\n\t\t\t<\/style>\n\n\n\t\t\t<div class=\"fusion-flexslider flexslider fusion-flexslider-loading fusion-post-slideshow\" style=\"\">\n\t\t<ul class=\"slides\">\n\t\t\t\n\t\t\t\t\t\t\t\t\t\t\t\t\t\t<li><div  class=\"fusion-image-wrapper fusion-image-size-fixed\" aria-haspopup=\"true\">\n\t\t\t\t\t\t\t<a href=\"https:\/\/www.americanlife.com.tr\/yahyakaptan\/yaz-okulu-basliyor-kis-okulu-icin-simdiden-kayitlar-aliniyor.html\" aria-label=\"Yaz Okulu Ba\u015fl\u0131yor, K\u0131\u015f Okulu \u0130\u00e7in \u015eimdiden Kay\u0131tlar Al\u0131n\u0131yor!\">\n\t\t\t\t\t\t\t<img decoding=\"async\" width=\"320\" height=\"202\" src=\"https:\/\/www.americanlife.com.tr\/yahyakaptan\/wp-content\/uploads\/sites\/67\/2025\/06\/Teenglish-Kis-Okulu-Renkli-Bir-Partiyle-Sona-Erdi-001-320x202.jpg\" class=\"attachment-blog-medium size-blog-medium wp-post-image\" alt=\"Teenglish K\u0131\u015f Okulu Renkli Bir Partiyle Sona Erdi\" srcset=\"https:\/\/www.americanlife.com.tr\/yahyakaptan\/wp-content\/uploads\/sites\/67\/2025\/06\/Teenglish-Kis-Okulu-Renkli-Bir-Partiyle-Sona-Erdi-001-320x202.jpg 320w, https:\/\/www.americanlife.com.tr\/yahyakaptan\/wp-content\/uploads\/sites\/67\/2025\/06\/Teenglish-Kis-Okulu-Renkli-Bir-Partiyle-Sona-Erdi-001-700x441.jpg 700w\" sizes=\"(max-width: 320px) 100vw, 320px\" \/>\t\t\t<\/a>\n\t\t\t\t\t\t\t<\/div>\n<\/li>\n\t\t\t\n\t\t\t\n\t\t\t\t\t\t\t\t\t\t\t\t\t\t\t\t\t\t\t\t\t\t\t\t\t\t\t\t\t\t\t\t\t\t\t\t\t\t\t\t\t\t\t\t\t\t\t\t\t\t\t\t\t\t\t\t\t\t\t\t\t\t\t\t\t\t\t\t\t\t\t\t\t\t\t\t\t\t\t\t\t\t\t\t\t\t\t\t\t\t\t\t\t\t\t\t\t\t\t\t\t\t\t\t\t\t\t\t\t\t\t\t\t<\/ul>\n\t<\/div>\n\t<div class=\"fusion-post-content post-content\"><h2 class=\"blog-shortcode-post-title entry-title\"><a href=\"https:\/\/www.americanlife.com.tr\/yahyakaptan\/yaz-okulu-basliyor-kis-okulu-icin-simdiden-kayitlar-aliniyor.html\">Yaz Okulu Ba\u015fl\u0131yor, K\u0131\u015f Okulu \u0130\u00e7in \u015eimdiden Kay\u0131tlar Al\u0131n\u0131yor!<\/a><\/h2><div class=\"fusion-post-content-container\"><p> Yaz Okulu Ba\u015fl\u0131yor, K\u0131\u015f Okulu \u0130\u00e7in \u015eimdiden Kay\u0131tlar Al\u0131n\u0131yor! Kocaeli Yahya Kaptan\u2019da k\u0131\u015f boyunca s\u00fcren 3-13 ya\u015f\u0131ndaki \u00f6\u011frencilerimiz i\u00e7in tasarlanm\u0131\u015f olan Teenglish program\u0131m\u0131z, co\u015fkulu ve s\u0131cak bir kapan\u0131\u015f partisiyle sona erdi. 3\u201313 ya\u015f aras\u0131 \u00f6\u011frencilerimizin 3 ay boyunca g\u00f6sterdi\u011fi geli\u015fimi kutlamak ve bu s\u00fcreci keyifle tamamlamak ad\u0131na organize etti\u011fimiz etkinlik, hem \u00e7ocuklar\u0131m\u0131z hem de<a href=\"https:\/\/www.americanlife.com.tr\/yahyakaptan\/yaz-okulu-basliyor-kis-okulu-icin-simdiden-kayitlar-aliniyor.html\">...<\/a><\/p><\/div><\/div><div class=\"fusion-clearfix\"><\/div><\/article>\n<article id=\"blog-1-post-541\" class=\"fusion-post-medium-alternate post-541 post type-post status-publish format-standard has-post-thumbnail hentry category-cocuklar-icin-ingilizce\">\n<div class=\"fusion-date-and-formats\"><div class=\"fusion-date-box updated\"><span class=\"fusion-date\">19<\/span><span class=\"fusion-month-year\">09, 2022<\/span><\/div><div class=\"fusion-format-box\"><i class=\"awb-icon-pen\" aria-hidden=\"true\"><\/i><\/div><\/div>\t<style type=\"text\/css\">\n\t\t\n\t\t\n\t\t\n\t\t\n\t\t\t<\/style>\n\n\n\t\t\t<div class=\"fusion-flexslider flexslider fusion-flexslider-loading fusion-post-slideshow\" style=\"\">\n\t\t<ul class=\"slides\">\n\t\t\t\n\t\t\t\t\t\t\t\t\t\t\t\t\t\t<li><div  class=\"fusion-image-wrapper fusion-image-size-fixed\" aria-haspopup=\"true\">\n\t\t\t\t\t\t\t<a href=\"https:\/\/www.americanlife.com.tr\/yahyakaptan\/sinava-hazirlik-gruplari-teog-lys-dil-lgs.html\" aria-label=\"S\u0131nava Haz\u0131rl\u0131k Gruplar\u0131 TEOG- LYS Dil- LGS\">\n\t\t\t\t\t\t\t<img decoding=\"async\" width=\"320\" height=\"202\" src=\"https:\/\/www.americanlife.com.tr\/yahyakaptan\/wp-content\/uploads\/sites\/67\/2022\/09\/sinava-hazirlik-gruplari-320x202.avif\" class=\"attachment-blog-medium size-blog-medium wp-post-image\" alt=\"S\u0131nava Haz\u0131rl\u0131k Gruplar\u0131 TEOG- LYS Dil- LGS\" srcset=\"https:\/\/www.americanlife.com.tr\/yahyakaptan\/wp-content\/uploads\/sites\/67\/2022\/09\/sinava-hazirlik-gruplari-320x202.avif 320w, https:\/\/www.americanlife.com.tr\/yahyakaptan\/wp-content\/uploads\/sites\/67\/2022\/09\/sinava-hazirlik-gruplari-700x441.avif 700w\" sizes=\"(max-width: 320px) 100vw, 320px\" \/>\t\t\t<\/a>\n\t\t\t\t\t\t\t<\/div>\n<\/li>\n\t\t\t\n\t\t\t\n\t\t\t\t\t\t\t\t\t\t\t\t\t\t\t\t\t\t\t\t\t\t\t\t\t\t\t\t\t\t\t\t\t\t\t\t\t\t\t\t\t\t\t\t\t\t\t\t\t\t\t\t\t\t\t\t\t\t\t\t\t\t\t\t\t\t\t\t\t\t\t\t\t\t\t\t\t\t\t\t\t\t\t\t\t\t\t\t\t\t\t\t\t\t\t\t\t\t\t\t\t\t\t\t\t\t\t\t\t\t\t\t\t<\/ul>\n\t<\/div>\n\t<div class=\"fusion-post-content post-content\"><h2 class=\"blog-shortcode-post-title entry-title\"><a href=\"https:\/\/www.americanlife.com.tr\/yahyakaptan\/sinava-hazirlik-gruplari-teog-lys-dil-lgs.html\">S\u0131nava Haz\u0131rl\u0131k Gruplar\u0131 TEOG- LYS Dil- LGS<\/a><\/h2><div class=\"fusion-post-content-container\"><p>Lise ve \u00fcniversite tercihleri i\u00e7in s\u0131nav haz\u0131rl\u0131k teog - lys dil lgs s\u0131navlar\u0131na girmek gerekir. \u00d6\u011frenciler bu s\u0131navlarda sa\u011flad\u0131\u011f\u0131 ba\u015far\u0131 ile lise ve \u00fcniversitelere yerle\u015firler. S\u0131navdan y\u00fcksek puanlar almak i\u00e7in \u00f6zel kurumlar taraf\u0131ndan s\u0131nava haz\u0131rl\u0131k gruplar\u0131 olu\u015fturulur. T\u00fcrkiye'nin her yerinde bu gruplar\u0131 bulmak m\u00fcmk\u00fcnd\u00fcr. (\u00d6rne\u011fin; American Life Yabanc\u0131 Dil Kursu'nun \u00e7e\u015fitli illerde pek \u00e7ok \u015fubesi<a href=\"https:\/\/www.americanlife.com.tr\/yahyakaptan\/sinava-hazirlik-gruplari-teog-lys-dil-lgs.html\">...<\/a><\/p><\/div><\/div><div class=\"fusion-clearfix\"><\/div><\/article>\n<article id=\"blog-1-post-514\" class=\"fusion-post-medium-alternate post-514 post type-post status-publish format-standard has-post-thumbnail hentry category-ingilizce tag-ingilizce-kursu tag-izmitte-cocuklar-icin-en-iyi-ingilizce-kursu tag-kurs\">\n<div class=\"fusion-date-and-formats\"><div class=\"fusion-date-box updated\"><span class=\"fusion-date\">18<\/span><span class=\"fusion-month-year\">09, 2022<\/span><\/div><div class=\"fusion-format-box\"><i class=\"awb-icon-pen\" aria-hidden=\"true\"><\/i><\/div><\/div>\t<style type=\"text\/css\">\n\t\t\n\t\t\n\t\t\n\t\t\n\t\t\t<\/style>\n\n\n\t\t\t<div class=\"fusion-flexslider flexslider fusion-flexslider-loading fusion-post-slideshow\" style=\"\">\n\t\t<ul class=\"slides\">\n\t\t\t\n\t\t\t\t\t\t\t\t\t\t\t\t\t\t<li><div  class=\"fusion-image-wrapper fusion-image-size-fixed\" aria-haspopup=\"true\">\n\t\t\t\t\t\t\t<a href=\"https:\/\/www.americanlife.com.tr\/yahyakaptan\/izmitte-cocuklar-icin-en-iyi-ingilizce-kursu.html\" aria-label=\"\u0130zmit\u2019te \u00c7ocuklar \u0130\u00e7in En \u0130yi \u0130ngilizce Kursu\">\n\t\t\t\t\t\t\t<img decoding=\"async\" width=\"320\" height=\"202\" src=\"https:\/\/www.americanlife.com.tr\/yahyakaptan\/wp-content\/uploads\/sites\/67\/2022\/09\/kurs-7-320x202.avif\" class=\"attachment-blog-medium size-blog-medium wp-post-image\" alt=\"\u0130zmit\u2019te \u00c7ocuklar \u0130\u00e7in En \u0130yi \u0130ngilizce Kursu\" srcset=\"https:\/\/www.americanlife.com.tr\/yahyakaptan\/wp-content\/uploads\/sites\/67\/2022\/09\/kurs-7-320x202.avif 320w, https:\/\/www.americanlife.com.tr\/yahyakaptan\/wp-content\/uploads\/sites\/67\/2022\/09\/kurs-7-700x441.avif 700w\" sizes=\"(max-width: 320px) 100vw, 320px\" \/>\t\t\t<\/a>\n\t\t\t\t\t\t\t<\/div>\n<\/li>\n\t\t\t\n\t\t\t\n\t\t\t\t\t\t\t\t\t\t\t\t\t\t\t\t\t\t\t\t\t\t\t\t\t\t\t\t\t\t\t\t\t\t\t\t\t\t\t\t\t\t\t\t\t\t\t\t\t\t\t\t\t\t\t\t\t\t\t\t\t\t\t\t\t\t\t\t\t\t\t\t\t\t\t\t\t\t\t\t\t\t\t\t\t\t\t\t\t\t\t\t\t\t\t\t\t\t\t\t\t\t\t\t\t\t\t\t\t\t\t\t\t<\/ul>\n\t<\/div>\n\t<div class=\"fusion-post-content post-content\"><h2 class=\"blog-shortcode-post-title entry-title\"><a href=\"https:\/\/www.americanlife.com.tr\/yahyakaptan\/izmitte-cocuklar-icin-en-iyi-ingilizce-kursu.html\">\u0130zmit\u2019te \u00c7ocuklar \u0130\u00e7in En \u0130yi \u0130ngilizce Kursu<\/a><\/h2><div class=\"fusion-post-content-container\"><p>\u0130zmit\u2019te \u00e7ocuklar i\u00e7in en iyi \u0130ngilizce kursu denilince akla ilk gelen \u0130zmit American Life Dil Okullar\u0131 kurs merkezidir. Geli\u015fmi\u015f kadrosu, yenilik\u00e7i e\u011fitim sistemleri ile \u00e7ocuklara \u0130ngilizce e\u011fitimini en do\u011fru \u015fekilde veriyor. \u00c7ocuklar\u0131n \u0130ngilizce \u00f6\u011frenimi do\u011fru teknikler sayesinde etkili bir bi\u00e7imde sa\u011flan\u0131r. \u0130zmit\u2019 te en iyi \u0130ngilizce kursu en yenilik\u00e7i ve geli\u015fmi\u015f kadrosuyla tamda bu noktada<a href=\"https:\/\/www.americanlife.com.tr\/yahyakaptan\/izmitte-cocuklar-icin-en-iyi-ingilizce-kursu.html\">...<\/a><\/p><\/div><\/div><div class=\"fusion-clearfix\"><\/div><\/article>\n<\/div><div class=\"fusion-infinite-scroll-trigger\"><\/div><div class=\"pagination infinite-scroll clearfix\" style=\"display:none;\"><span class=\"current\">1<\/span><a href=\"https:\/\/www.americanlife.com.tr\/yahyakaptan\/wp-json\/wp\/v2\/pages\/1715\/page\/2\" class=\"inactive\">2<\/a><a class=\"pagination-next\" rel=\"next\" href=\"https:\/\/www.americanlife.com.tr\/yahyakaptan\/wp-json\/wp\/v2\/pages\/1715\/page\/2\"><span class=\"page-text\">Sonraki<\/span><span class=\"page-next\"><\/span><\/a><\/div><div class=\"fusion-clearfix\"><\/div><\/div><\/div><\/div><\/div><\/div><\/p>\n","protected":false},"excerpt":{"rendered":"","protected":false},"author":1,"featured_media":0,"parent":0,"menu_order":0,"comment_status":"closed","ping_status":"closed","template":"","meta":{"_joinchat":[],"footnotes":""},"class_list":["post-1715","page","type-page","status-publish","hentry"],"_links":{"self":[{"href":"https:\/\/www.americanlife.com.tr\/yahyakaptan\/wp-json\/wp\/v2\/pages\/1715","targetHints":{"allow":["GET"]}}],"collection":[{"href":"https:\/\/www.americanlife.com.tr\/yahyakaptan\/wp-json\/wp\/v2\/pages"}],"about":[{"href":"https:\/\/www.americanlife.com.tr\/yahyakaptan\/wp-json\/wp\/v2\/types\/page"}],"author":[{"embeddable":true,"href":"https:\/\/www.americanlife.com.tr\/yahyakaptan\/wp-json\/wp\/v2\/users\/1"}],"replies":[{"embeddable":true,"href":"https:\/\/www.americanlife.com.tr\/yahyakaptan\/wp-json\/wp\/v2\/comments?post=1715"}],"version-history":[{"count":5,"href":"https:\/\/www.americanlife.com.tr\/yahyakaptan\/wp-json\/wp\/v2\/pages\/1715\/revisions"}],"predecessor-version":[{"id":1830,"href":"https:\/\/www.americanlife.com.tr\/yahyakaptan\/wp-json\/wp\/v2\/pages\/1715\/revisions\/1830"}],"wp:attachment":[{"href":"https:\/\/www.americanlife.com.tr\/yahyakaptan\/wp-json\/wp\/v2\/media?parent=1715"}],"curies":[{"name":"wp","href":"https:\/\/api.w.org\/{rel}","templated":true}]}}